{"id":71,"date":"2013-05-04T17:45:16","date_gmt":"2013-05-04T17:45:16","guid":{"rendered":"http:\/\/localhost\/wordpress\/?page_id=71"},"modified":"2021-02-07T12:53:37","modified_gmt":"2021-02-07T12:53:37","slug":"podpora","status":"publish","type":"page","link":"https:\/\/arcus-oc.org\/?page_id=71","title":{"rendered":"Podpora &#8211; Jak n\u00e1m m\u016f\u017eete pomoci"},"content":{"rendered":"<p><span style=\"color: #008000;\"><strong>Jak n\u00e1m m\u016f\u017eete pomoci?<\/strong><\/span><\/p>\n<p>Zpr\u00e1va z poradny NNO od Bc. Milady \u0160najdrov\u00e9: Dne 22. ledna 2021 prezident podepsal a dne 3. \u00fanora 2021 vy\u0161la ve Sb\u00edrce z\u00e1kon\u016f\u00a0<strong>novela z\u00e1kona o dan\u00edch z p\u0159\u00edjm\u016f, kterou se na p\u0159echodnou dobu zda\u0148ovac\u00edho obdob\u00ed 2020 a 2021<\/strong>\u00a0v \u00a7 15 a \u00a7 20 navy\u0161uje\u00a0hodnota dar\u016f, kterou lze ode\u010d\u00edst od z\u00e1kladu dan\u011b a\u017e na <strong><span style=\"color: #800080;\">30 % z da\u0148ov\u00e9ho z\u00e1kladu<\/span><\/strong>.<\/p>\n<p>V\u00e1\u017een\u00ed p\u0159\u00e1tel\u00e9,<br \/>\nobrac\u00edme se na V\u00e1s se \u017e\u00e1dost\u00ed o pomoc v \u010dinnosti ARCUS &#8211; onko centra, z.s. v tomto p\u0159edv\u00e1no\u010dn\u00edm obdob\u00ed. Velkou \u010d\u00e1st prost\u0159edk\u016f na svoji \u010dinnost si mus\u00edme sh\u00e1n\u011bt, co\u017e je samoz\u0159ejm\u011b velmi n\u00e1ro\u010dn\u00e9. Jak lze jednodu\u0161e nakupovat na V\u00e1mi obl\u00edben\u00fdch eshopech a p\u0159itom m\u016f\u017eete z\u00e1rove\u0148 pomoci na\u0161\u00ed organizaci ? Tato pomoc V\u00e1s nebude v\u016fbec nic st\u00e1t. Je to syst\u00e9m, kter\u00fd opravdu velmi dob\u0159e funguje, a je to pouze o tom, zda p\u0159i n\u00e1kupu si vzpomenete na n\u00e1s. Kdy\u017e si nainstalujete\u00a0 <span style=\"color: #0000ff;\"><em><strong><a href=\"https:\/\/givt.cz\/application.php\" target=\"_blank\"><span style=\"color: #0000ff;\">https:\/\/givt.cz\/application.php<\/span><\/a> <\/strong><\/em><\/span>, nemus\u00edte se ji\u017e nikdy b\u00e1t, \u017ee na GIVT p\u0159i n\u00e1kupech zapomenete a p\u0159itom podpo\u0159\u00edte ARCUS &#8211; onko centrum,z.s.: <span style=\"color: #0000ff;\"><strong><em><a href=\"https:\/\/givt.cz\/arcus-onko-centrum-z-s\" target=\"_blank\"><span style=\"color: #0000ff;\">https:\/\/givt.cz\/arcus-onko-centrum-z-s<\/span><\/a><\/em><\/strong><\/span><br \/>\nP\u0159eji V\u00e1m p\u011bkn\u00e9 adventn\u00ed dny.<br \/>\nJana Ko\u017eelsk\u00e1, p\u0159edsedkyn\u011b<\/p>\n<p><a href=\"http:\/\/arcus-oc.org\/wordpress\/wp-content\/uploads\/2015\/01\/Petra-nakupuje-p\u0159es-GIVT.jpg\"><img decoding=\"async\" loading=\"lazy\" class=\"alignnone size-medium wp-image-1596\" alt=\"Petra nakupuje p\u0159es GIVT\" src=\"http:\/\/arcus-oc.org\/wordpress\/wp-content\/uploads\/2015\/01\/Petra-nakupuje-p\u0159es-GIVT-300x198.jpg\" width=\"300\" height=\"198\" srcset=\"https:\/\/arcus-oc.org\/wordpress\/wp-content\/uploads\/2015\/01\/Petra-nakupuje-p\u0159es-GIVT-300x198.jpg 300w, https:\/\/arcus-oc.org\/wordpress\/wp-content\/uploads\/2015\/01\/Petra-nakupuje-p\u0159es-GIVT-250x165.jpg 250w, https:\/\/arcus-oc.org\/wordpress\/wp-content\/uploads\/2015\/01\/Petra-nakupuje-p\u0159es-GIVT.jpg 770w\" sizes=\"(max-width: 300px) 100vw, 300px\" \/><\/a><\/p>\n<p><strong><span style=\"font-family: Arial, sans-serif;\">Mo\u017enosti spolupr\u00e1ce<\/span><\/strong><\/p>\n<p><span style=\"font-family: Arial, sans-serif;\">Pokud se rozhodnete n\u00e1m pomoci, uv\u00edt\u00e1me jakoukoli formu <strong><span style=\"color: #000000;\">podpory,<\/span><\/strong> kter\u00e1 povede k\u00a0napl\u0148ov\u00e1n\u00ed c\u00edl\u016f, pro n\u011b\u017e byl \u00a0ARCUS \u2013\u00a0onko centrum, z.s.\u00a0zalo\u017een. Va\u0161e pomoc m\u016f\u017ee m\u00edt podobu finan\u010dn\u00edho p\u0159\u00edsp\u011bvku pro na\u0161i organizaci, materi\u00e1ln\u00edho \u010di jin\u00e9ho zabezpe\u010den\u00ed na\u0161ich projekt\u016f, poskytnut\u00ed slu\u017eeb nebo jin\u00fdch v\u00fdhod dle domluvy. <\/span><\/p>\n<p>Uzav\u0159en\u00edm finan\u010dn\u00edch darovac\u00edch smluv:\u00a0<a href=\"http:\/\/arcus-oc.org\/wordpress\/wp-content\/uploads\/2013\/05\/dar-pr\u00e1vnick\u00e9-osoby-21.doc\"><em><strong><span style=\"color: #000080;\">d<\/span><\/strong><strong><span style=\"color: #000080;\">ar pr\u00e1vnick\u00e9 osoby<\/span><\/strong><\/em><\/a><em><strong><span style=\"color: #000080;\">\u00a0,\u00a0<a href=\"http:\/\/arcus-oc.org\/wordpress\/wp-content\/uploads\/2013\/05\/dar-fyzick\u00e9-osoby-21.doc\"><span style=\"color: #000080;\">dar fyzick\u00e9 osoby<\/span><\/a><\/span><\/strong><\/em><\/p>\n<p>Uzav\u0159en\u00edm darovac\u00ed smlouvy:<em><strong><span style=\"color: #000080;\">\u00a0<a href=\"http:\/\/arcus-oc.org\/wordpress\/wp-content\/uploads\/2013\/05\/dar-materi\u00e1ln\u00ed-fyzick\u00e9-osoby-21.doc\"><span style=\"color: #000080;\">dar materi\u00e1ln\u00ed pro fyzick\u00e9 osoby<\/span><\/a>\u00a0,\u00a0<a href=\"http:\/\/arcus-oc.org\/wordpress\/wp-content\/uploads\/2013\/05\/dar-materi\u00e1ln\u00ed-pr\u00e1v.21.doc\"><span style=\"color: #000080;\">dar materi\u00e1ln\u00ed pro pr\u00e1vnick\u00e9 osoby<\/span><\/a><\/span><\/strong><\/em><\/p>\n<p>Tak\u00e9 n\u00e1m m\u016f\u017eete pomoci formou zaji\u0161t\u011bn\u00ed slu\u017eeb nebo pomoci p\u0159\u00edmo na n\u011bkter\u00e9 z na\u0161ich akc\u00ed.<\/p>\n<h2>Co nab\u00edz\u00edme sponzor\u016fm<\/h2>\n<ul>\n<li>Propagaci jm\u00e9na na v\u0161ech materi\u00e1lech t\u00fdkaj\u00edc\u00edch se zaji\u0161\u0165ovan\u00e9 akce.<\/li>\n<li>Uve\u0159ejn\u011bn\u00ed jm\u00e9na na na\u0161ich internetov\u00fdch str\u00e1nk\u00e1ch a v \u010dasopise ARCUS .<\/li>\n<li>P\u0159edstaven\u00ed sponzora moder\u00e1torem na akc\u00edch.<\/li>\n<li>Um\u00edst\u011bn\u00ed\u00a0loga na akci.<\/li>\n<li>Zaji\u0161t\u011bn\u00ed st\u00e1nku s informa\u010dn\u00edmi materi\u00e1ly a hosteskami na na\u0161ich akc\u00edch.<\/li>\n<\/ul>\n<p>Pomoc p\u0159isp\u011bn\u00edm formou <strong><span style=\"color: #008080;\"><a href=\"http:\/\/localhost\/wordpress\/wp-content\/uploads\/2013\/04\/letak_DMS.pdf\"><span style=\"color: #008080;\">DMS pro projekt Spolu proti rakovin\u011b<\/span><\/a><\/span><\/strong>\u00a0 <strong><span style=\"color: #ff0000;\">bylo ukon\u010deno 20.10.2014!<\/span><\/strong><\/p>\n<p><a href=\"http:\/\/arcus-oc.org\/wordpress\/wp-content\/uploads\/2013\/05\/dms-plakat-A5.jpg\"><img decoding=\"async\" loading=\"lazy\" class=\"alignnone size-medium wp-image-481\" alt=\"dms plakat A5\" src=\"http:\/\/arcus-oc.org\/wordpress\/wp-content\/uploads\/2013\/05\/dms-plakat-A5-300x211.jpg\" width=\"581\" height=\"390\" \/><\/a><\/p>\n<p>&nbsp;<\/p>\n","protected":false},"excerpt":{"rendered":"<p>Jak n\u00e1m m\u016f\u017eete pomoci? Zpr\u00e1va z poradny NNO od Bc. Milady \u0160najdrov\u00e9: Dne 22. ledna 2021 prezident podepsal a dne 3. \u00fanora 2021 vy\u0161la ve Sb\u00edrce z\u00e1kon\u016f\u00a0novela z\u00e1kona o dan\u00edch z p\u0159\u00edjm\u016f, kterou se na p\u0159echodnou dobu zda\u0148ovac\u00edho obdob\u00ed 2020 a 2021\u00a0v \u00a7 15 a \u00a7 20 navy\u0161uje\u00a0hodnota dar\u016f, kterou lze ode\u010d\u00edst od z\u00e1kladu dan\u011b [&hellip;]<\/p>\n","protected":false},"author":1,"featured_media":0,"parent":0,"menu_order":0,"comment_status":"open","ping_status":"open","template":"","meta":[],"_links":{"self":[{"href":"https:\/\/arcus-oc.org\/index.php?rest_route=\/wp\/v2\/pages\/71"}],"collection":[{"href":"https:\/\/arcus-oc.org\/index.php?rest_route=\/wp\/v2\/pages"}],"about":[{"href":"https:\/\/arcus-oc.org\/index.php?rest_route=\/wp\/v2\/types\/page"}],"author":[{"embeddable":true,"href":"https:\/\/arcus-oc.org\/index.php?rest_route=\/wp\/v2\/users\/1"}],"replies":[{"embeddable":true,"href":"https:\/\/arcus-oc.org\/index.php?rest_route=%2Fwp%2Fv2%2Fcomments&post=71"}],"version-history":[{"count":15,"href":"https:\/\/arcus-oc.org\/index.php?rest_route=\/wp\/v2\/pages\/71\/revisions"}],"predecessor-version":[{"id":3080,"href":"https:\/\/arcus-oc.org\/index.php?rest_route=\/wp\/v2\/pages\/71\/revisions\/3080"}],"wp:attachment":[{"href":"https:\/\/arcus-oc.org\/index.php?rest_route=%2Fwp%2Fv2%2Fmedia&parent=71"}],"curies":[{"name":"wp","href":"https:\/\/api.w.org\/{rel}","templated":true}]}}