{"id":3457,"date":"2024-01-12T12:41:38","date_gmt":"2024-01-12T12:41:38","guid":{"rendered":"http:\/\/arcus-oc.org\/?page_id=3457"},"modified":"2024-09-04T06:49:18","modified_gmt":"2024-09-04T06:49:18","slug":"kongresy-a-seminare-2024","status":"publish","type":"page","link":"https:\/\/arcus-oc.org\/?page_id=3457","title":{"rendered":"Kongresy a semin\u00e1\u0159e 2024"},"content":{"rendered":"\n<h2 class=\"has-medium-font-size\"><strong>Mezin\u00e1rodn\u00ed onkologick\u00fd kongres Znojmo 2024<\/strong><\/h2>\n\n\n\n<p>Srde\u010dn\u011b V\u00e1s zveme na tradi\u010dn\u00ed Mezin\u00e1rodn\u00ed onkologick\u00fd kongres, kter\u00fd se letos uskute\u010dn\u00ed ve dnech <strong>3. &#8211; 5. \u0159\u00edjna 2024<\/strong> v Louck\u00e9m kl\u00e1\u0161te\u0159e ve Znojm\u011b. <\/p>\n\n\n\n<p>Kongres je ur\u010den\u00fd zejm\u00e9na pro l\u00e9ka\u0159e, ale tak\u00e9 sestry a dal\u0161\u00ed nel\u00e9ka\u0159sk\u00e9 pracovn\u00edky. Pravideln\u00fdmi p\u0159edn\u00e1\u0161ej\u00edc\u00edmi jsou nap\u0159\u00edklad takov\u00e9 osobnosti jako prof. MUDr. Pavel Pafko, DrSc., p\u0159edn\u00ed \u010desk\u00fd radiolog a ministr zdravotnictv\u00ed prof. MUDr. Vlastimil V\u00e1lek, Ph.D., prof. MUDr. Jan \u017daloud\u00edk, CSc. nebo prof. MUDr. Jan Dane\u0161, Ph.D. I ostatn\u00ed p\u0159edn\u00e1\u0161ej\u00edc\u00ed v\u011bt\u0161inou p\u0159edstavuj\u00ed \u0161pi\u010dku ve sv\u00fdch oborech nejen v \u010cesk\u00e9 republice. Jako obvykle se k \u00fa\u010dasti i letos p\u0159idaj\u00ed onkologov\u00e9 a radiologov\u00e9 ze Slovensk\u00e9 republiky. Pro zaj\u00edmavost, jako dnes ji\u017e slovensk\u00fd host se aktivn\u011b prezentuje b\u00fdval\u00fd \u010desk\u00fd ministr zdravotnictv\u00ed MUDr. Jozef Kubinyi.<\/p>\n\n\n\n<p>N\u00e1pln\u00ed odborn\u00fdch p\u0159edn\u00e1\u0161ek jsou nejen posledn\u00ed poznatky z l\u00e9\u010den\u00ed onkologick\u00fdch pacient\u016f, ale tak\u00e9 ot\u00e1zky prevence, poznatky z u\u017eit\u00ed nov\u00fdch vy\u0161et\u0159ovac\u00edch metod, psychologie onkologick\u00fdch pacient\u016f a jejich p\u0159\u00edbuzn\u00fdch a mnoho dal\u0161\u00edch. Pravideln\u011b je tak\u00e9 za\u0159azov\u00e1na problematika financov\u00e1n\u00ed zdravotnictv\u00ed a sv\u00e9 t\u00e9ma m\u011bla v posledn\u00edch ro\u010dn\u00edc\u00edch v\u017edy tak\u00e9 VZP \u010cR. Podrobn\u00fd program kongresu najdete v p\u0159ilo\u017een\u00e9m PDF souboru. Program m\u016f\u017ee b\u00fdt pr\u016fb\u011b\u017en\u011b aktualizov\u00e1n.<\/p>\n\n\n\n<p>Specifikou kongresu je tak\u00e9 \u00fa\u010dast onkologick\u00fdch pacient\u016f, kterou zprost\u0159edkov\u00e1v\u00e1 spole\u010dnost ARCUS \u2013 onko. Pro odborn\u00edky jde tak\u00e9 o zaj\u00edmavou zp\u011btnou vazbu, se kterou se na jin\u00fdch akc\u00edch nesetk\u00e1vaj\u00ed.<\/p>\n\n\n\n<p>Sou\u010d\u00e1st\u00ed kongresu je p\u00e1te\u010dn\u00ed spole\u010densk\u00fd ve\u010der s kulturn\u00edm programem, poho\u0161t\u011bn\u00edm<br \/>a prezentac\u00ed vina\u0159sk\u00e9 firmy Znov\u00edn Znojmo, a.s., v jej\u00ed\u017e n\u00e1dhern\u00fdch prostor\u00e1ch historick\u00e9ho Louck\u00e9ho kl\u00e1\u0161tera se akce kon\u00e1. Zde tak\u00e9 mohou neform\u00e1ln\u011b diskutovat \u00fa\u010dastn\u00edci<br \/>s p\u0159edn\u00e1\u0161ej\u00edc\u00edmi. Zejm\u00e9na p\u0159edn\u00e1\u0161ej\u00edc\u00ed oce\u0148uj\u00ed mo\u017enost komunikace v tak velk\u00e9m kolektivu odborn\u00edk\u016f, k \u010demu\u017e neb\u00fdv\u00e1 b\u011b\u017en\u011b p\u0159\u00edle\u017eitost a zvy\u0161uje se tak vz\u00e1jemn\u00e1 informovanost mezi jednotliv\u00fdmi izolovan\u00fdmi pracovi\u0161ti.<\/p>\n\n\n\n<p>\u010cesk\u00e1 asociace sester za\u0159adila akci do celo\u017eivotn\u00edho vzd\u011bl\u00e1v\u00e1n\u00ed dle platn\u00fdch z\u00e1kon\u016f a p\u0159edpis\u016f souvisej\u00edc\u00edch a je vedena v archivu \u010cAS\/351\/2024.<\/p>\n\n\n\n<p>L\u00e9ka\u0159i se mohou hl\u00e1sit na tomto odkazu:<br \/><a href=\"https:\/\/www.ipvz.cz\/vzdelavaci-akce\/62383-mezinarodni-onkologicky-kongres-znojmo-xix-rocnik\">https:\/\/www.ipvz.cz\/vzdelavaci-akce\/62383-mezinarodni-onkologicky-kongres-znojmo-xix-rocnik<\/a><\/p>\n\n\n\n<p>Zdravotnick\u00fd person\u00e1l (krom\u011b l\u00e9ka\u0159\u016f), nel\u00e9ka\u0159sk\u00e9 profese ve zdravotnictv\u00ed a pacienti se mohou p\u0159ihl\u00e1sit e-mailem na adresu <a>Denisa.Varekova@seznam.cz<\/a>. Do e-mailu uve\u010fte sv\u00e9 jm\u00e9no, p\u0159\u00edjmen\u00ed, titul, datum narozen\u00ed a svou profesi. Registra\u010dn\u00ed poplatek je 1000 K\u010d pro zdravotnick\u00fd person\u00e1l a nel\u00e9ka\u0159sk\u00e9 profese a 400 K\u010d pro pacienty. Poplatek pros\u00edm po\u0161lete na bankovn\u00ed \u00fa\u010det \u010d\u00edslo 2700226536\/2010. Jako variabiln\u00ed symbol zadejte sv\u00e9 datum narozen\u00ed.<\/p>\n\n\n\n<p>V p\u0159\u00edpad\u011b jak\u00fdchkoliv dotaz\u016f n\u00e1s nev\u00e1hejte kontaktovat na v\u00fd\u0161e uveden\u00e9m e-mailu.<\/p>\n\n\n\n<p>T\u011b\u0161\u00edme se na Va\u0161i \u00fa\u010dast!<\/p>\n\n\n\n<p>Z\u00e1\u0161tita MOK Znojmo 2024  &#8211; <a href=\"http:\/\/arcus-oc.org\/wordpress\/wp-content\/uploads\/2024\/08\/Zastita-Mezinarodni-onkologicky-kongres-Znojmo.pdf\">pdf soubor<\/a><\/p>\n\n\n\n<p>Program MOK Znojmo 2024 &#8211; <a href=\"http:\/\/arcus-oc.org\/wordpress\/wp-content\/uploads\/2024\/08\/program-MOK-2024.pdf\">pdf soubor<\/a><\/p>\n\n\n\n<p><\/p>\n\n\n\n<h2>Semin\u00e1\u0159 ke Sv\u011btov\u00e9mu dni proti rakovin\u011b<\/h2>\n\n\n\n<p><\/p>\n\n\n\n<p><a rel=\"noreferrer noopener\" href=\"http:\/\/arcus-oc.org\/wordpress\/wp-content\/uploads\/2024\/01\/pozv-onko.pdf\" target=\"_blank\">Pozv\u00e1nka na semin\u00e1\u0159 ve form\u00e1tu PDF<\/a><\/p>\n","protected":false},"excerpt":{"rendered":"<p>Mezin\u00e1rodn\u00ed onkologick\u00fd kongres Znojmo 2024 Srde\u010dn\u011b V\u00e1s zveme na tradi\u010dn\u00ed Mezin\u00e1rodn\u00ed onkologick\u00fd kongres, kter\u00fd se letos uskute\u010dn\u00ed ve dnech 3. &#8211; 5. \u0159\u00edjna 2024 v Louck\u00e9m kl\u00e1\u0161te\u0159e ve Znojm\u011b. Kongres je ur\u010den\u00fd zejm\u00e9na pro l\u00e9ka\u0159e, ale tak\u00e9 sestry a dal\u0161\u00ed nel\u00e9ka\u0159sk\u00e9 pracovn\u00edky. Pravideln\u00fdmi p\u0159edn\u00e1\u0161ej\u00edc\u00edmi jsou nap\u0159\u00edklad takov\u00e9 osobnosti jako prof. MUDr. Pavel Pafko, DrSc., p\u0159edn\u00ed [&hellip;]<\/p>\n","protected":false},"author":1,"featured_media":0,"parent":157,"menu_order":0,"comment_status":"closed","ping_status":"closed","template":"","meta":[],"_links":{"self":[{"href":"https:\/\/arcus-oc.org\/index.php?rest_route=\/wp\/v2\/pages\/3457"}],"collection":[{"href":"https:\/\/arcus-oc.org\/index.php?rest_route=\/wp\/v2\/pages"}],"about":[{"href":"https:\/\/arcus-oc.org\/index.php?rest_route=\/wp\/v2\/types\/page"}],"author":[{"embeddable":true,"href":"https:\/\/arcus-oc.org\/index.php?rest_route=\/wp\/v2\/users\/1"}],"replies":[{"embeddable":true,"href":"https:\/\/arcus-oc.org\/index.php?rest_route=%2Fwp%2Fv2%2Fcomments&post=3457"}],"version-history":[{"count":9,"href":"https:\/\/arcus-oc.org\/index.php?rest_route=\/wp\/v2\/pages\/3457\/revisions"}],"predecessor-version":[{"id":3518,"href":"https:\/\/arcus-oc.org\/index.php?rest_route=\/wp\/v2\/pages\/3457\/revisions\/3518"}],"up":[{"embeddable":true,"href":"https:\/\/arcus-oc.org\/index.php?rest_route=\/wp\/v2\/pages\/157"}],"wp:attachment":[{"href":"https:\/\/arcus-oc.org\/index.php?rest_route=%2Fwp%2Fv2%2Fmedia&parent=3457"}],"curies":[{"name":"wp","href":"https:\/\/api.w.org\/{rel}","templated":true}]}}