{"id":3179,"date":"2022-05-05T21:37:25","date_gmt":"2022-05-05T21:37:25","guid":{"rendered":"http:\/\/arcus-oc.org\/?page_id=3179"},"modified":"2022-08-29T15:58:04","modified_gmt":"2022-08-29T15:58:04","slug":"kongresy-a-seminare-2022","status":"publish","type":"page","link":"https:\/\/arcus-oc.org\/?page_id=3179","title":{"rendered":"Kongresy a semin\u00e1\u0159e 2022"},"content":{"rendered":"<p><strong><span style=\"color: #0000ff;\">17.ro\u010dn\u00edk\u00a0\u00a0Mezin\u00e1rodn\u00edho onkologick\u00e9ho kongresu se op\u011bt odehraje v Louck\u00e9m kl\u00e1\u0161te\u0159e 6.10-\u00a0 8.10.2022\u00a0<\/span> <\/strong>za osobn\u00ed \u00fa\u010dasti v\u011bt\u0161iny tradi\u010dn\u00edch p\u0159edn\u00e1\u0161ej\u00edc\u00edch a v\u00a0kontaktu s\u00a0publikem.<\/p>\n<p>I letos p\u0159ipravujeme mo\u017enost prohl\u00eddky m\u011bsta Znojma v sobotu po skon\u010den\u00ed programu, v\u010detn\u011b cesty turistick\u00fdm vl\u00e1\u010dkem a p\u0159idali bychom v\u00fdklad u nejexponovan\u011bj\u0161\u00edch pam\u00e1tek.\u00a0Chyst\u00e1me tak\u00e9 bohat\u0161\u00ed doprovodn\u00fd program, co\u017e v\u0161ak samoz\u0159ejm\u011b z\u00e1vis\u00ed na \u0161t\u011bdrosti na\u0161ich sponzor\u016f.<\/p>\n<p><span style=\"color: #008000;\"><strong><span style=\"color: #800000;\"><a href=\"http:\/\/arcus-oc.org\/wordpress\/wp-content\/uploads\/2022\/05\/MOK-program-2022-verze-29.8..pdf\"><span style=\"color: #800000;\">MOK program 2022 &#8211; verze 29.8.<\/span><\/a><\/span><\/strong><\/span><strong><a href=\"http:\/\/arcus-oc.org\/?attachment_id=3183\" rel=\"attachment wp-att-3183\"><span style=\"color: #008000;\"><br \/>\n<\/span><\/a><\/strong><\/p>\n<p>&nbsp;<\/p>\n","protected":false},"excerpt":{"rendered":"<p>17.ro\u010dn\u00edk\u00a0\u00a0Mezin\u00e1rodn\u00edho onkologick\u00e9ho kongresu se op\u011bt odehraje v Louck\u00e9m kl\u00e1\u0161te\u0159e 6.10-\u00a0 8.10.2022\u00a0 za osobn\u00ed \u00fa\u010dasti v\u011bt\u0161iny tradi\u010dn\u00edch p\u0159edn\u00e1\u0161ej\u00edc\u00edch a v\u00a0kontaktu s\u00a0publikem. I letos p\u0159ipravujeme mo\u017enost prohl\u00eddky m\u011bsta Znojma v sobotu po skon\u010den\u00ed programu, v\u010detn\u011b cesty turistick\u00fdm vl\u00e1\u010dkem a p\u0159idali bychom v\u00fdklad u nejexponovan\u011bj\u0161\u00edch pam\u00e1tek.\u00a0Chyst\u00e1me tak\u00e9 bohat\u0161\u00ed doprovodn\u00fd program, co\u017e v\u0161ak samoz\u0159ejm\u011b z\u00e1vis\u00ed na \u0161t\u011bdrosti na\u0161ich sponzor\u016f. [&hellip;]<\/p>\n","protected":false},"author":1,"featured_media":0,"parent":0,"menu_order":0,"comment_status":"closed","ping_status":"open","template":"","meta":[],"_links":{"self":[{"href":"https:\/\/arcus-oc.org\/index.php?rest_route=\/wp\/v2\/pages\/3179"}],"collection":[{"href":"https:\/\/arcus-oc.org\/index.php?rest_route=\/wp\/v2\/pages"}],"about":[{"href":"https:\/\/arcus-oc.org\/index.php?rest_route=\/wp\/v2\/types\/page"}],"author":[{"embeddable":true,"href":"https:\/\/arcus-oc.org\/index.php?rest_route=\/wp\/v2\/users\/1"}],"replies":[{"embeddable":true,"href":"https:\/\/arcus-oc.org\/index.php?rest_route=%2Fwp%2Fv2%2Fcomments&post=3179"}],"version-history":[{"count":6,"href":"https:\/\/arcus-oc.org\/index.php?rest_route=\/wp\/v2\/pages\/3179\/revisions"}],"predecessor-version":[{"id":3197,"href":"https:\/\/arcus-oc.org\/index.php?rest_route=\/wp\/v2\/pages\/3179\/revisions\/3197"}],"wp:attachment":[{"href":"https:\/\/arcus-oc.org\/index.php?rest_route=%2Fwp%2Fv2%2Fmedia&parent=3179"}],"curies":[{"name":"wp","href":"https:\/\/api.w.org\/{rel}","templated":true}]}}