{"id":2884,"date":"2020-05-21T07:15:33","date_gmt":"2020-05-21T07:15:33","guid":{"rendered":"http:\/\/arcus-oc.org\/?page_id=2884"},"modified":"2020-05-21T07:15:33","modified_gmt":"2020-05-21T07:15:33","slug":"rekondicne-edukacni-pobyty-2019","status":"publish","type":"page","link":"https:\/\/arcus-oc.org\/?page_id=2884","title":{"rendered":"Rekondi\u010dn\u011b eduka\u010dn\u00ed pobyty 2019"},"content":{"rendered":"<p><span style=\"color: #008000;\"><b>Projekt \u201e Rekondi\u010dn\u011b eduka\u010dn\u00ed pobyty se zdravotn\u00edm programem pro pacienty po ukon\u010den\u00e9 onkologick\u00e9 l\u00e9\u010db\u011b\u201c<\/b><\/span> <b><\/b><\/p>\n<p><b>C\u00edlem projektu<\/b> bylo zrealizovat \u010dty\u0159i t\u00fddenn\u00ed rekondi\u010dn\u011b eduka\u010dn\u00ed pobyty se zdravotn\u00edm programem pro pacienty po ukon\u010den\u00e9 l\u00e9\u010db\u011b. V\u00a0Jizersk\u00fdch hor\u00e1ch v\u00a0hotelu Jizerka jeden t\u00fddenn\u00ed pobyt, v\u00a0Harrachov\u011b v\u00a0hotelu INN dva t\u00fddenn\u00ed pobyty a jeden t\u00fddenn\u00ed pobyt v\u00a0Karlov\u00fdch Varech v\u00a0sanatoriu Kriv\u00e1\u0148 pro celkem 96 osob po ukon\u010den\u00e9 onkologick\u00e9 l\u00e9\u010db\u011b. Jednalo se zejm\u00e9na o seniory chronicky nemocn\u00e9 a zdravotn\u011b posti\u017een\u00e9, kte\u0159\u00ed prod\u011blali z\u00e1kladn\u00ed onkologickou l\u00e9\u010dbu \u2013 chirurgickou, oz\u00e1\u0159en\u00ed \u010di chemoterapii nebo protonovou \u010di biologickou l\u00e9\u010dbu. Nejednalo se o rekreaci, ale o pobyt, kter\u00fd m\u011bl zv\u00fd\u0161it jejich t\u011blesnou a psychickou odolnost. Proto ned\u00edlnou sou\u010d\u00e1st\u00ed byl odborn\u00fd program. T\u00edmto projektem v\u00fdrazn\u011b zvy\u0161ujeme kvalitu jejich \u017eivota a \u00fa\u010dastn\u00edky pobytu vedeme k\u00a0aktivn\u00ed \u00fa\u010dasti na zlep\u0161en\u00ed vlastn\u00edho zdravotn\u00edho stavu.<b> <\/b><\/p>\n<p><b>Projekt jsme plnili dle navr\u017een\u00e9ho harmonogramu: <\/b><\/p>\n<p>Podle schv\u00e1len\u00e9 tabulky prob\u011bhly tyto pobyty:<\/p>\n<p>1)\u00a0\u00a0 01.09.- 08.09.2019\u00a0 pro 22 osob, Hotel INN Harrachov<\/p>\n<p>2)\u00a0\u00a0 08.10.- 15.10.2019\u00a0 pro 18 osob, Hotel Jizerka 4, Ko\u0159enov<\/p>\n<p>3)\u00a0 \u00a025.10 .-\u00a0 01.11.2019\u00a0 pro 34 osob, Sanatorium Kriv\u00e1\u0148 \u2013 Slovan, Karlovy Vary<\/p>\n<p>Posledn\u00edho pobytu v Harrachov\u011b, hotelu INN:<\/p>\n<p>4)\u00a0 \u00a003.11. &#8211;\u00a0 10.11.2019 \u00a0bylo podle projektu p\u0159ihl\u00e1\u0161eno 22 osob. Skute\u010dn\u011b opr\u00e1vn\u011bn\u00fdch se nakonec z\u00fa\u010dastnilo 18 osob.<\/p>\n<p>Dotaci MZ \u010cR jsme vr\u00e1tili za 4 p\u0159ihl\u00e1\u0161en\u00e9, kte\u0159\u00ed na posledn\u00ed chv\u00edli onemocn\u011bli.<\/p>\n<p><span style=\"color: #008000;\"><b>V\u00a0roce 2019 prob\u011bhly 4 pobytov\u00e9 akce pro celkem 92 opr\u00e1vn\u011bn\u00fdch osob.<\/b><\/span><\/p>\n<p>Pacienti vyu\u017eili na pobytov\u00fdch akc\u00ed skv\u011bl\u00e9ho z\u00e1zem\u00ed \u2013 neku\u0159\u00e1ck\u00e9 pokoje se soci\u00e1ln\u00edm za\u0159\u00edzen\u00edm, serv\u00edrovan\u00e9 stravy dle po\u017eadovan\u00fdch diet, m\u00edstnosti na cvi\u010den\u00ed, p\u0159edn\u00e1\u0161ky, venkovn\u00ed z\u00e1zem\u00ed na kulturn\u00ed i sportovn\u00ed akce. \u00a0Na v\u0161ech pobytov\u00fdch akc\u00edch nechyb\u011bly pl\u00e1novan\u00e9 vych\u00e1zky do p\u0159\u00edrody. Sou\u010d\u00e1st\u00ed pobyt\u016f bylo i vzd\u011bl\u00e1v\u00e1n\u00ed \u00fa\u010dastn\u00edk\u016f odborn\u00edky.<\/p>\n","protected":false},"excerpt":{"rendered":"<p>Projekt \u201e Rekondi\u010dn\u011b eduka\u010dn\u00ed pobyty se zdravotn\u00edm programem pro pacienty po ukon\u010den\u00e9 onkologick\u00e9 l\u00e9\u010db\u011b\u201c C\u00edlem projektu bylo zrealizovat \u010dty\u0159i t\u00fddenn\u00ed rekondi\u010dn\u011b eduka\u010dn\u00ed pobyty se zdravotn\u00edm programem pro pacienty po ukon\u010den\u00e9 l\u00e9\u010db\u011b. V\u00a0Jizersk\u00fdch hor\u00e1ch v\u00a0hotelu Jizerka jeden t\u00fddenn\u00ed pobyt, v\u00a0Harrachov\u011b v\u00a0hotelu INN dva t\u00fddenn\u00ed pobyty a jeden t\u00fddenn\u00ed pobyt v\u00a0Karlov\u00fdch Varech v\u00a0sanatoriu Kriv\u00e1\u0148 pro celkem 96 [&hellip;]<\/p>\n","protected":false},"author":1,"featured_media":0,"parent":167,"menu_order":0,"comment_status":"closed","ping_status":"open","template":"","meta":[],"_links":{"self":[{"href":"https:\/\/arcus-oc.org\/index.php?rest_route=\/wp\/v2\/pages\/2884"}],"collection":[{"href":"https:\/\/arcus-oc.org\/index.php?rest_route=\/wp\/v2\/pages"}],"about":[{"href":"https:\/\/arcus-oc.org\/index.php?rest_route=\/wp\/v2\/types\/page"}],"author":[{"embeddable":true,"href":"https:\/\/arcus-oc.org\/index.php?rest_route=\/wp\/v2\/users\/1"}],"replies":[{"embeddable":true,"href":"https:\/\/arcus-oc.org\/index.php?rest_route=%2Fwp%2Fv2%2Fcomments&post=2884"}],"version-history":[{"count":3,"href":"https:\/\/arcus-oc.org\/index.php?rest_route=\/wp\/v2\/pages\/2884\/revisions"}],"predecessor-version":[{"id":2891,"href":"https:\/\/arcus-oc.org\/index.php?rest_route=\/wp\/v2\/pages\/2884\/revisions\/2891"}],"up":[{"embeddable":true,"href":"https:\/\/arcus-oc.org\/index.php?rest_route=\/wp\/v2\/pages\/167"}],"wp:attachment":[{"href":"https:\/\/arcus-oc.org\/index.php?rest_route=%2Fwp%2Fv2%2Fmedia&parent=2884"}],"curies":[{"name":"wp","href":"https:\/\/api.w.org\/{rel}","templated":true}]}}