{"id":2326,"date":"2017-12-03T10:32:23","date_gmt":"2017-12-03T10:32:23","guid":{"rendered":"http:\/\/arcus-oc.org\/?page_id=2326"},"modified":"2018-06-24T15:16:55","modified_gmt":"2018-06-24T15:16:55","slug":"beneficni-akce-2018","status":"publish","type":"page","link":"https:\/\/arcus-oc.org\/?page_id=2326","title":{"rendered":"Benefi\u010dn\u00ed akce 2018"},"content":{"rendered":"<p>V roce 2018 budeme tradi\u010dn\u011b po\u0159\u00e1dat benefi\u010dn\u00ed akci Rockov\u00e9 l\u00e9to ve venkovn\u00edm are\u00e1lu <strong><span style=\"color: #008000;\">Ol\u0161e v \u010cervence<\/span><\/strong> u Litovle dne v sobotu dne<strong><span style=\"color: #008000;\"> 21.7.2018<\/span><\/strong>. Z\u00e1jemci mohou vyu\u017e\u00edt zdarma mo\u017enosti stanov\u00e1n\u00ed a are\u00e1lu ji\u017e od p\u00e1tku. Pozor &#8211; za\u010d\u00edn\u00e1me ji\u017e ve 13,00 hod. Tak\u00e9 vystoup\u00ed kapela OBERG od 16,00 hod.<\/p>\n<p><a href=\"http:\/\/arcus-oc.org\/wordpress\/wp-content\/uploads\/2017\/12\/plak\u00e1t-2018-2.jpg\"><img decoding=\"async\" loading=\"lazy\" class=\"alignleft size-thumbnail wp-image-2439\" alt=\"plak\u00e1t 2018 \" src=\"http:\/\/arcus-oc.org\/wordpress\/wp-content\/uploads\/2017\/12\/plak\u00e1t-2018-2-106x150.jpg\" width=\"106\" height=\"150\" srcset=\"https:\/\/arcus-oc.org\/wordpress\/wp-content\/uploads\/2017\/12\/plak\u00e1t-2018-2-106x150.jpg 106w, https:\/\/arcus-oc.org\/wordpress\/wp-content\/uploads\/2017\/12\/plak\u00e1t-2018-2-213x300.jpg 213w, https:\/\/arcus-oc.org\/wordpress\/wp-content\/uploads\/2017\/12\/plak\u00e1t-2018-2-177x250.jpg 177w, https:\/\/arcus-oc.org\/wordpress\/wp-content\/uploads\/2017\/12\/plak\u00e1t-2018-2.jpg 683w\" sizes=\"(max-width: 106px) 100vw, 106px\" \/><\/a><\/p>\n<p>http:\/\/rockoveleto.eu\/<\/p>\n","protected":false},"excerpt":{"rendered":"<p>V roce 2018 budeme tradi\u010dn\u011b po\u0159\u00e1dat benefi\u010dn\u00ed akci Rockov\u00e9 l\u00e9to ve venkovn\u00edm are\u00e1lu Ol\u0161e v \u010cervence u Litovle dne v sobotu dne 21.7.2018. Z\u00e1jemci mohou vyu\u017e\u00edt zdarma mo\u017enosti stanov\u00e1n\u00ed a are\u00e1lu ji\u017e od p\u00e1tku. Pozor &#8211; za\u010d\u00edn\u00e1me ji\u017e ve 13,00 hod. Tak\u00e9 vystoup\u00ed kapela OBERG od 16,00 hod. http:\/\/rockoveleto.eu\/<\/p>\n","protected":false},"author":1,"featured_media":0,"parent":0,"menu_order":0,"comment_status":"closed","ping_status":"open","template":"","meta":[],"_links":{"self":[{"href":"https:\/\/arcus-oc.org\/index.php?rest_route=\/wp\/v2\/pages\/2326"}],"collection":[{"href":"https:\/\/arcus-oc.org\/index.php?rest_route=\/wp\/v2\/pages"}],"about":[{"href":"https:\/\/arcus-oc.org\/index.php?rest_route=\/wp\/v2\/types\/page"}],"author":[{"embeddable":true,"href":"https:\/\/arcus-oc.org\/index.php?rest_route=\/wp\/v2\/users\/1"}],"replies":[{"embeddable":true,"href":"https:\/\/arcus-oc.org\/index.php?rest_route=%2Fwp%2Fv2%2Fcomments&post=2326"}],"version-history":[{"count":2,"href":"https:\/\/arcus-oc.org\/index.php?rest_route=\/wp\/v2\/pages\/2326\/revisions"}],"predecessor-version":[{"id":2440,"href":"https:\/\/arcus-oc.org\/index.php?rest_route=\/wp\/v2\/pages\/2326\/revisions\/2440"}],"wp:attachment":[{"href":"https:\/\/arcus-oc.org\/index.php?rest_route=%2Fwp%2Fv2%2Fmedia&parent=2326"}],"curies":[{"name":"wp","href":"https:\/\/api.w.org\/{rel}","templated":true}]}}