{"id":2083,"date":"2017-01-05T13:54:31","date_gmt":"2017-01-05T13:54:31","guid":{"rendered":"http:\/\/arcus-oc.org\/?page_id=2083"},"modified":"2017-11-03T17:26:59","modified_gmt":"2017-11-03T17:26:59","slug":"kongresy-a-seminare-2017","status":"publish","type":"page","link":"https:\/\/arcus-oc.org\/?page_id=2083","title":{"rendered":"Kongresy a semin\u00e1\u0159e 2017"},"content":{"rendered":"<p>V roce\u00a0<span style=\"color: #000080;\"><strong>2018<\/strong><\/span>\u00a0p\u0159ipravil Robert Z\u00edtko kurz o lymf\u011b, kter\u00fd doporu\u010dujeme mas\u00e9r\u016fm, zdravotnick\u00fdm pracovn\u00edk\u016fm, lidem, kte\u0159\u00ed maj\u00ed probl\u00e9my s lymfou i jejich rodinn\u00fdm p\u0159\u00edslu\u0161n\u00edk\u016fm:\u00a0\u00a0<span style=\"color: #008000;\"><em><strong><a href=\"http:\/\/arcus-oc.org\/wordpress\/wp-content\/uploads\/2017\/01\/Lymfa_Olomouc.pdf\"><span style=\"color: #008000;\">informace lymfa 2018 Olomouc<\/span><\/a><\/strong><\/em>.<\/span><\/p>\n<p>Na\u00a0<span style=\"color: #000080;\"><strong>2.11.2017\u00a0<\/strong><\/span>jsme p\u0159ipravili na Krajsk\u00e9m \u00fa\u0159adu Olomouck\u00e9ho kraje dva semin\u00e1\u0159e. Jeden dopoledn\u00ed a druh\u00fd odpoledn\u00ed, kde vystoup\u00ed nap\u0159. PhDr.Martin Ko\u0159\u00e1n a lymfoterapeut Robert Z\u00edtko z Prahy, z FN Olomouc prim. MUDr. Stanislav Losse a eduka\u010dn\u00ed sestra Magda L\u00e9pov\u00e1, z Deona Medi MUDr. PetrPolievka dal\u0161\u00ed. Registrace je zdarma na jana.kozelska.arcus@email.cz nebo na mobil: 603533288.\u00a0<span style=\"color: #008000;\"><em><strong><a href=\"http:\/\/arcus-oc.org\/wordpress\/wp-content\/uploads\/2017\/01\/Pozv\u00e1nka-na-\u0161kol\u00edc\u00ed-akci-2.11.2017-dopoledne.pdf\"><span style=\"color: #008000;\">Dopoledn\u00ed program 2.11.2017<\/span><\/a><\/strong><\/em><\/span>\u00a0a\u00a0<span style=\"color: #008000;\"><strong><em><a href=\"http:\/\/arcus-oc.org\/wordpress\/wp-content\/uploads\/2017\/01\/Pozv\u00e1nka-na-\u0161kol\u00edc\u00ed-akci-2.11.2017-odpoledne.pdf\"><span style=\"color: #008000;\">odpoledn\u00ed program 2.11.2017<\/span><\/a><\/em><\/strong><\/span>.<\/p>\n<p><span style=\"color: #000080;\"><strong>Mezin\u00e1rodn\u00ed onkologick\u00fd kongres Znojmo<\/strong><\/span><\/p>\n<p>Od p\u00e1tku\u00a0<strong>6.10. do\u00a0<\/strong>soboty<strong>\u00a07.10.2017<\/strong>\u00a0prob\u011bl v Louck\u00e9m kl\u00e1\u0161te\u0159e ve Znojm\u011b ji\u017e dvan\u00e1ct\u00fd ro\u010dn\u00edk Mezin\u00e1rodn\u00edho onkologick\u00e9ho kongresu. Krom\u011b zaj\u00edmav\u00e9ho odborn\u00e9ho\u00a0<span style=\"color: #0000ff;\"><em><strong><a href=\"http:\/\/arcus-oc.org\/wordpress\/wp-content\/uploads\/2017\/01\/MOK-Pracovn\u00ed-program-2017-z\u00e1\u0159\u00ed-2017-opr.-V\u00edt.pdf\"><span style=\"color: #0000ff;\">programu<\/span><\/a><\/strong><\/em><\/span><span style=\"color: #000080;\"><em><strong>\u00a0<\/strong><\/em><\/span>s p\u0159edn\u00edmi odborn\u00edky z \u010cR, mohli jste se zde setkat z USA se sv\u011btozn\u00e1m\u00fdm\u00a0<strong>prof.MUDr. V\u00e1clavem V\u011btvi\u010dkou<\/strong>, Ph.D., kter\u00fd \u00a0dne 4.10. vystoupil ve Sn\u00eddani s Novou. Po n\u00e1ro\u010dn\u00fdch p\u0159edn\u00e1\u0161k\u00e1ch se \u00fa\u010dastn\u00edci mohli setkat p\u0159i autogrami\u00e1d\u011b s<strong>\u00a0Anton\u00ednem Panenkou. <\/strong><\/p>\n<p><strong><b>\u010cesk\u00e1 asociace sester za\u0159adila akci do kreditn\u00edho syst\u00e9mu celo\u017eivotn\u00edho vzd\u011bl\u00e1v\u00e1n\u00ed a je vedena v archivu \u010cAS:\u00a0KK\/1482\/2017.<\/b><\/strong>\u00a0<span style=\"color: #000000;\">Spole\u010dnost radiologick\u00fdch asistent\u016f \u010cesk\u00e9 republiky z.s.\u00a0za\u0159adila akci do kreditn\u00edho syst\u00e9mu celo\u017eivotn\u00edho vzd\u011bl\u00e1v\u00e1n\u00ed a je vedena pod \u010d. j. SS27\/2017\/KH. Akce\u00a0pro <\/span>l\u00e9ka\u0159e\u00a0je vedena na str\u00e1nk\u00e1ch IPVZ jako vzd\u011bl\u00e1vac\u00ed akce \u010d.:212072270.<\/p>\n<p><span style=\"color: #000000;\">L\u00e9ka\u0159i za registraci plat\u00ed 1\u00a0400,00 K\u010d, sestry a radiologi\u010dt\u00ed pracovn\u00edci 1\u00a0000,00 K\u010d, onko pacienti vstup na kongres zdarma.\u00a0Jako variabiln\u00ed symbol platby\u00a0uve\u010fte Va\u0161e rodn\u00e9 \u010d\u00edslo.<\/span><\/p>\n<p><em><strong><span style=\"color: #000080;\"><span style=\"color: #800080;\"><em><strong><span style=\"color: #0000ff;\"><a href=\"http:\/\/arcus-oc.org\/wordpress\/wp-content\/uploads\/2017\/01\/Prihlaska-l\u00e9ka\u0159i-MOK-Znojmo-2017.doc\"><span style=\"color: #0000ff;\">P\u0159ihl\u00e1\u0161ka pro l\u00e9ka\u0159e<\/span><\/a>\u00a0<\/span> i\u00a0 <span style=\"color: #0000ff;\"><a href=\"http:\/\/arcus-oc.org\/wordpress\/wp-content\/uploads\/2017\/01\/Prihlaska-MOK-Znojmo-2017.doc\"><span style=\"color: #0000ff;\">p\u0159ihl\u00e1\u0161ku pro ostatn\u00ed<\/span><\/a><\/span><\/strong><\/em><em><strong>\u00a0<\/strong><\/em><\/span><\/span><\/strong><\/em><span style=\"color: #000080;\"><span style=\"color: #800080;\"><span style=\"color: #000000;\">na kongres zas\u00edlejte na e-mailovou adresu: <\/span><\/span><\/span><em><strong><span style=\"color: #000080;\"><span style=\"color: #800080;\"><em><strong><a href=\"mailto:arcus.onko@email.cz\"><span style=\"color: #800080;\">arcus.onko@email.cz<\/span><\/a><\/strong><\/em><\/span><span style=\"color: #800080;\"><em><strong><span style=\"color: #800080;\">.<\/span>\u00a0 <\/strong><\/em><\/span><\/span><\/strong><\/em><\/p>\n<p><strong><span style=\"color: #008000;\">18.5.2017 Olomouc<\/span>\u00a0&#8222;Informovan\u00fd pacient &#8211; l\u00e9kov\u00e1 politika, pr\u00e1va pacient\u016f&#8220;<\/strong><\/p>\n<p><strong><em><span style=\"color: #0000ff;\"><a href=\"http:\/\/arcus-oc.org\/wordpress\/wp-content\/uploads\/2017\/01\/Pozv\u00e1nka-na-semin\u00e1\u0159-18.5.2017-logo-s-textem.pdf\"><span style=\"color: #0000ff;\">Pozv\u00e1nka na semin\u00e1\u0159 18.5.2017<\/span><\/a><\/span><\/em><em>\u00a0 \u00a0 \u00a0 \u00a0<\/em><\/strong><\/p>\n<p><strong><em>\u00a0<a href=\"http:\/\/arcus-oc.org\/wordpress\/wp-content\/uploads\/2017\/01\/Seminar_Spolu_proti_rakovine_2.2.2016_Olomouc_037.jpg\"><img decoding=\"async\" loading=\"lazy\" alt=\"Seminar_Spolu_proti_rakovine_2.2.2016_Olomouc_037\" src=\"http:\/\/arcus-oc.org\/wordpress\/wp-content\/uploads\/2017\/01\/Seminar_Spolu_proti_rakovine_2.2.2016_Olomouc_037-150x112.jpg\" width=\"150\" height=\"112\" \/><\/a>\u00a0<\/em><\/strong><\/p>\n<p>Dne<span style=\"color: #008000;\">\u00a0<strong>3.2.2017<\/strong><\/span>\u00a0na Krajsk\u00e9m \u00fa\u0159adu Olomouck\u00e9ho kraje v kongresov\u00e9m s\u00e1le jsme si op\u011bt p\u0159ipomenuli v\u00fdro\u010d\u00ed od podeps\u00e1n\u00ed Pa\u0159\u00ed\u017esk\u00e9 charty proti rakovin\u011b a vyhl\u00e1\u0161en\u00ed Sv\u011btov\u00e9ho dne proti rakovin\u011b. V programu vystoupil i sv\u011btozn\u00e1m\u00fd<span style=\"color: #993300;\">\u00a0<strong><em><a href=\"http:\/\/www.betaglukan.cz\/zivotopis\/\"><span style=\"color: #993300;\">prof. Dr. V\u00e1clav V\u011btvi\u010dka, PhD. (USA)<\/span><\/a><\/em><\/strong>.<\/span>\u00a0<span style=\"color: #0000ff;\"><strong><em><a href=\"http:\/\/arcus-oc.rajce.idnes.cz\/Svetovy_den_proti_rakovine_Ku_Olomouc_3.2._2017\/\"><span style=\"color: #0000ff;\">foto z akce 3.2.2017<\/span><\/a><\/em><\/strong><\/span><\/p>\n<p>V leto\u0161n\u00edm roce m\u00e1me p\u0159ipraven\u00e9 semin\u00e1\u0159e a \u0161kol\u00edc\u00ed akce v Olomouci.<\/p>\n<p>Dne<strong><span style=\"color: #003300;\">\u00a03.2.2017<\/span><\/strong>\u00a0na Krajsk\u00e9m \u00fa\u0159adu Olomouck\u00e9ho kraje v kongresov\u00e9m s\u00e1le si op\u011bt p\u0159ipomeneme v\u00fdro\u010d\u00ed od podeps\u00e1n\u00ed Pa\u0159\u00ed\u017esk\u00e9 charty proti rakovin\u011b a vyhl\u00e1\u0161en\u00ed Sv\u011btov\u00e9ho dne proti rakovin\u011b. V programu vystoup\u00ed i sv\u011btozn\u00e1m\u00fd\u00a0<span style=\"color: #800080;\"><strong><em><a href=\"http:\/\/www.betaglukan.cz\/zivotopis\/\"><span style=\"color: #800080;\">prof. Dr. V\u00e1clav V\u011btvi\u010dka, PhD. (USA)<\/span><\/a><\/em><\/strong>.<\/span><\/p>\n<p><span style=\"color: #008000;\"><strong><em><a href=\"https:\/\/louisville.edu\/medicine\/departments\/pathology\/faculty\/vetvicka\"><span style=\"color: #008000;\">prof. Dr. V\u00e1clav V\u011btvi\u010dka, PhD<\/span><\/a><a href=\"https:\/\/louisville.edu\/medicine\/departments\/pathology\/faculty\/vetvicka\"><span style=\"color: #008000;\">.<\/span><\/a><\/em><\/strong><\/span><\/p>\n<p>Akce je za\u0159azena v archivu \u010cAS:\u00a0<em><strong><span style=\"color: #000080;\">KK\/39\/2017<\/span>\u00a0<\/strong><\/em>,\u00a04 kredity za \u00fa\u010dast\u00a0pro v\u0161eobecn\u00e9 sestry, porodn\u00ed asistentky, zdravotn\u00ed laboranty, asistenty ochrany ve\u0159ejn\u00e9ho zdrav\u00ed, nutri\u010dn\u00ed terapeuty, zubn\u00ed techniky, dent\u00e1ln\u00ed hygienisty, zdravotnick\u00e9 z\u00e1chran\u00e1\u0159e, farmaceutick\u00e9 asistenty a zdravotn\u011b soci\u00e1ln\u00ed pracovn\u00edky.\u00a0\u00a0Registrace je zdarma, sta\u010d\u00ed mi nahl\u00e1sit jm\u00e9no a p\u0159\u00edjmen\u00ed, bydli\u0161t\u011b, datum narozen\u00ed pro vyd\u00e1n\u00ed certifik\u00e1tu.<\/p>\n<p><span style=\"color: #000080;\"><strong><em><a href=\"http:\/\/arcus-oc.org\/wordpress\/wp-content\/uploads\/2017\/01\/Pozv\u00e1nka-na-\u0161kol\u00edc\u00ed-akci-3.2.2017.pdf\"><span style=\"color: #000080;\">Pozv\u00e1nka na \u0161kol\u00edc\u00ed akci 3.2.2017<\/span><\/a><\/em><\/strong><\/span><\/p>\n<p><span style=\"color: #000080;\"><strong><em><a href=\"http:\/\/www.worldcancerday.org\/about\/2016-2018-world-cancer-day-campaign\"><span style=\"color: #000080;\">World Cancer Day 2016 &#8211; 2018<\/span><\/a><\/em><\/strong><\/span><\/p>\n<p>&nbsp;<\/p>\n<table width=\"600\" border=\"1\" cellspacing=\"0\" cellpadding=\"0\" align=\"left\">\n<tbody>\n<tr>\n<td valign=\"top\" width=\"600\"><strong><span style=\"color: #0000ff;\">\u201eSv\u011btov\u00fd den proti rakovin\u011b\u201c<\/span><\/strong><strong><span style=\"color: #0000ff;\">\u00a0<\/span><\/strong><strong><span style=\"color: #0000ff;\">Kdy: 3. \u00fanora 2017, 9-13 hod<\/span><\/strong>.<b>Kde:<\/b> kongresov\u00fd s\u00e1l Krajsk\u00e9ho \u00fa\u0159adu Olomouck\u00e9ho kraje, Olomouc<b>P\u0159edn\u00e1\u0161ej\u00edc\u00ed:<\/b>Jana Ko\u017eelsk\u00e1, signat\u00e1\u0159ka Pa\u0159\u00ed\u017esk\u00e9 charty proti rakovin\u011b \u2013 \u201eVyhl\u00e1\u0161en\u00e1 t\u00e9mata pro rok 2017\u201c MUDr.Dalibor \u0160tambera, MBA \u2013 \u201eEtick\u00e9 a pr\u00e1vn\u00ed aspekty termin\u00e1ln\u00edch stav\u016f\u201cLenka Sehnalov\u00e1 \u2013 \u201eZku\u0161enosti onkologick\u00e9 pacientky\u201cProf.Dr.V\u00e1clav V\u011btvi\u010dka, PhD.(USA): \u201ePodpora imunitn\u00edho syst\u00e9mu v onkologick\u00e9 terapii\u201cMUDr. Petr Polievka \u2013 \u201eKompresivn\u00ed produkty a jejich m\u00edsto v\u00a0terapii a rehabilitaci pacient\u016f s\u00a0onkologick\u00fdm onemocn\u011bn\u00edm\u201cRobert Z\u00edtko \u2013 \u201eO\u0161et\u0159en\u00ed lymfed\u00e9mu s praktickou uk\u00e1zkou\u201c<\/td>\n<\/tr>\n<\/tbody>\n<\/table>\n<p>&nbsp;<\/p>\n<table width=\"600\" border=\"1\" cellspacing=\"0\" cellpadding=\"0\">\n<tbody>\n<tr>\n<td valign=\"top\" width=\"600\"><strong><span style=\"color: #0000ff;\">\u201eEtika ve zdravotnictv\u00ed a psychologick\u00e1 podpora onkologick\u00fdch pacient\u016f\u201c\u00a0\u00a0\u00a0\u00a0\u00a0\u00a0\u00a0\u00a0\u00a0\u00a0\u00a0\u00a0 <\/span><\/strong><strong><span style=\"color: #0000ff;\">\u00a0<\/span><\/strong><strong><span style=\"color: #0000ff;\">\u00a0Kdy: 6. dubna 2017, 9-13 hod.<\/span><\/strong><b>\u00a0Kde:<\/b> kongresov\u00fd s\u00e1l Krajsk\u00e9ho \u00fa\u0159adu Olomouck\u00e9ho kraje, Olomouc<b>\u00a0P\u0159edn\u00e1\u0161ej\u00edc\u00ed:<\/b>Jana Ko\u017eelsk\u00e1 \u2013 \u201eProjekty pomoci onkologick\u00fdm pacient\u016fm\u201cMUDr.Dalibor \u0160tambera \u2013 \u201eProblematika ekonomick\u00fdch a etick\u00fdch p\u0159\u00edstup\u016f v onkologick\u00e9terapii\u201cPhDr.Martin Ko\u0159\u00e1n \u2013 <b>\u201e<\/b>Psychologick\u00e1 podpora onkologick\u00fdch pacient\u016f\u201cLenka Sehnalov\u00e1 \u2013 \u201eZku\u0161enosti onkologick\u00e9 pacientky\u201c<\/td>\n<\/tr>\n<\/tbody>\n<\/table>\n<p>&nbsp;<\/p>\n<table width=\"600\" border=\"1\" cellspacing=\"0\" cellpadding=\"0\">\n<tbody>\n<tr>\n<td valign=\"top\" width=\"600\"><span style=\"color: #0000ff;\"><strong>\u201eInformovan\u00fd pacient \u2013 l\u00e9kov\u00e1 politika, pr\u00e1va pacient\u016f\u201c<\/strong><\/span><span style=\"color: #0000ff;\"><strong>\u00a0<\/strong><\/span><span style=\"color: #0000ff;\"><strong>\u00a0 Kdy: 18. kv\u011btna 2017, 9-13 hod.<\/strong><\/span><b>\u00a0 Kde:<\/b> kongresov\u00fd s\u00e1l Krajsk\u00e9ho \u00fa\u0159adu Olomouck\u00e9ho kraje, Olomouc<b>\u00a0 P\u0159edn\u00e1\u0161ej\u00edc\u00ed:<\/b><\/p>\n<table border=\"1\" cellspacing=\"0\" cellpadding=\"0\">\n<tbody>\n<tr>\n<td valign=\"top\">Jana Ko\u017eelsk\u00e1 \u2013 \u201eVzd\u011bl\u00e1vac\u00ed akce pro onkologick\u00e9 pacienty\u201cMUDr. Petr Polievka \u2013 \u201eKompresivn\u00ed produkty a jejich m\u00edsto v\u00a0terapii a rehabilitaci pacient\u016f\u201cPhDr. Ivana Plechat\u00e1 \u2013 \u201eJak se orientovat v l\u00e9kov\u00e9 politice\u201cJUDr. Petr \u0160ustek \u2013 \u201eH\u00e1jen\u00ed a prosazov\u00e1n\u00ed pr\u00e1v pacient\u016f v \u010desk\u00e9m zdravotnictv\u00ed\u201c<\/td>\n<\/tr>\n<\/tbody>\n<\/table>\n<p>&nbsp;<\/td>\n<\/tr>\n<\/tbody>\n<\/table>\n<p>&nbsp;<\/p>\n<table width=\"600\" border=\"1\" cellspacing=\"0\" cellpadding=\"0\">\n<tbody>\n<tr>\n<td valign=\"top\" width=\"600\"><strong><span style=\"color: #0000ff;\">\u00a0\u201eRakovina plic, vlivy kou\u0159en\u00ed a psychologick\u00e1 p\u00e9\u010de o onkologick\u00e9 pacienty\u201c\u00a0\u00a0\u00a0\u00a0\u00a0\u00a0\u00a0\u00a0\u00a0\u00a0\u00a0\u00a0 <\/span><\/strong><strong><span style=\"color: #0000ff;\">\u00a0<\/span><\/strong><strong><span style=\"color: #0000ff;\">\u00a0Kdy: 2. listopadu 2016, 9-13 hod.<\/span><\/strong><b>\u00a0Kde:<\/b> kongresov\u00fd s\u00e1l Krajsk\u00e9ho \u00fa\u0159adu Olomouck\u00e9ho kraje, Olomouc<b>\u00a0P\u0159edn\u00e1\u0161ej\u00edc\u00ed:<\/b><\/p>\n<table border=\"1\" cellspacing=\"0\" cellpadding=\"0\">\n<tbody>\n<tr>\n<td valign=\"top\">Jana Ko\u017eelsk\u00e1 \u2013 \u201e Pl\u00e1novan\u00e9 akce pro onkologick\u00e9 pacienty\u201cPhDr. Martin Ko\u0159\u00e1n \u2013 <b>\u201e<\/b>Psychologick\u00e1 p\u00e9\u010de o onkologick\u00e9 pacienty\u201cMagda L\u00e9pov\u00e1, eduka\u010dn\u00ed sestra TRN v Olomouci &#8211; ,, Vliv kou\u0159en\u00ed nejenom na v\u00fdskyt n\u00e1dorov\u00fdch onemocn\u011bn\u00ed&#8220;prof. MUDr. V\u00edt\u011bzslav Kolek, DrSc &#8211; \u201ePersonalizovan\u00e1 l\u00e9\u010dba &#8211; imunoterapie u karcinomu plic\u201c<\/td>\n<\/tr>\n<\/tbody>\n<\/table>\n<p>&nbsp;<\/td>\n<\/tr>\n<\/tbody>\n<\/table>\n<p>&nbsp;<\/p>\n","protected":false},"excerpt":{"rendered":"<p>V roce\u00a02018\u00a0p\u0159ipravil Robert Z\u00edtko kurz o lymf\u011b, kter\u00fd doporu\u010dujeme mas\u00e9r\u016fm, zdravotnick\u00fdm pracovn\u00edk\u016fm, lidem, kte\u0159\u00ed maj\u00ed probl\u00e9my s lymfou i jejich rodinn\u00fdm p\u0159\u00edslu\u0161n\u00edk\u016fm:\u00a0\u00a0informace lymfa 2018 Olomouc. Na\u00a02.11.2017\u00a0jsme p\u0159ipravili na Krajsk\u00e9m \u00fa\u0159adu Olomouck\u00e9ho kraje dva semin\u00e1\u0159e. Jeden dopoledn\u00ed a druh\u00fd odpoledn\u00ed, kde vystoup\u00ed nap\u0159. PhDr.Martin Ko\u0159\u00e1n a lymfoterapeut Robert Z\u00edtko z Prahy, z FN Olomouc prim. MUDr. [&hellip;]<\/p>\n","protected":false},"author":1,"featured_media":0,"parent":0,"menu_order":0,"comment_status":"closed","ping_status":"open","template":"","meta":[],"_links":{"self":[{"href":"https:\/\/arcus-oc.org\/index.php?rest_route=\/wp\/v2\/pages\/2083"}],"collection":[{"href":"https:\/\/arcus-oc.org\/index.php?rest_route=\/wp\/v2\/pages"}],"about":[{"href":"https:\/\/arcus-oc.org\/index.php?rest_route=\/wp\/v2\/types\/page"}],"author":[{"embeddable":true,"href":"https:\/\/arcus-oc.org\/index.php?rest_route=\/wp\/v2\/users\/1"}],"replies":[{"embeddable":true,"href":"https:\/\/arcus-oc.org\/index.php?rest_route=%2Fwp%2Fv2%2Fcomments&post=2083"}],"version-history":[{"count":26,"href":"https:\/\/arcus-oc.org\/index.php?rest_route=\/wp\/v2\/pages\/2083\/revisions"}],"predecessor-version":[{"id":2304,"href":"https:\/\/arcus-oc.org\/index.php?rest_route=\/wp\/v2\/pages\/2083\/revisions\/2304"}],"wp:attachment":[{"href":"https:\/\/arcus-oc.org\/index.php?rest_route=%2Fwp%2Fv2%2Fmedia&parent=2083"}],"curies":[{"name":"wp","href":"https:\/\/api.w.org\/{rel}","templated":true}]}}