{"id":1680,"date":"2016-02-09T07:03:28","date_gmt":"2016-02-09T07:03:28","guid":{"rendered":"http:\/\/arcus-oc.org\/?page_id=1680"},"modified":"2016-12-05T18:32:31","modified_gmt":"2016-12-05T18:32:31","slug":"beneficni-akce-2016","status":"publish","type":"page","link":"https:\/\/arcus-oc.org\/?page_id=1680","title":{"rendered":"Benefi\u010dn\u00ed akce 2016"},"content":{"rendered":"<p>Dne <strong><span style=\"color: #008000;\">25.11.2016<\/span><\/strong> se konala ji\u017e tradi\u010dn\u00ed Mikul\u00e1\u0161sk\u00e1 v Mohelnici s Tom\u00e1\u0161em Klusem a dal\u0161\u00edmi kapelami<\/p>\n<p>uk\u00e1zka z benefi\u010dn\u00ed akce 25.11.2016: \u00a0<strong><em>\u00a0<span style=\"color: #0000ff;\"><a href=\"https:\/\/www.youtube.com\/watch?v=cVWz_9a9GHs\" target=\"_blank\"><span style=\"color: #0000ff;\">https:\/\/www.youtube.com\/watch?v=cVWz_9a9GHs<\/span><\/a><\/span><\/em><\/strong><\/p>\n<p><span style=\"color: #0000ff;\"><em><span style=\"color: #0000ff;\">\u00a0\u00a0<a href=\"http:\/\/arcus-oc.org\/?attachment_id=1959\" rel=\"attachment wp-att-1959\"><img decoding=\"async\" loading=\"lazy\" class=\"alignnone size-thumbnail wp-image-1959\" alt=\"plakat-mohelnice-25-11-2016\" src=\"http:\/\/arcus-oc.org\/wordpress\/wp-content\/uploads\/2016\/02\/plak\u00e1t-Mohelnice-25.11.2016-106x150.jpg\" width=\"106\" height=\"150\" srcset=\"https:\/\/arcus-oc.org\/wordpress\/wp-content\/uploads\/2016\/02\/plak\u00e1t-Mohelnice-25.11.2016-106x150.jpg 106w, https:\/\/arcus-oc.org\/wordpress\/wp-content\/uploads\/2016\/02\/plak\u00e1t-Mohelnice-25.11.2016-212x300.jpg 212w, https:\/\/arcus-oc.org\/wordpress\/wp-content\/uploads\/2016\/02\/plak\u00e1t-Mohelnice-25.11.2016-177x250.jpg 177w, https:\/\/arcus-oc.org\/wordpress\/wp-content\/uploads\/2016\/02\/plak\u00e1t-Mohelnice-25.11.2016.jpg 561w\" sizes=\"(max-width: 106px) 100vw, 106px\" \/><\/a>\u00a0<a href=\"http:\/\/arcus-oc.org\/?attachment_id=1976\" rel=\"attachment wp-att-1976\"><img decoding=\"async\" loading=\"lazy\" class=\"alignnone size-thumbnail wp-image-1976\" alt=\"dsc_2026\" src=\"http:\/\/arcus-oc.org\/wordpress\/wp-content\/uploads\/2016\/01\/DSC_2026-150x99.jpg\" width=\"150\" height=\"99\" srcset=\"https:\/\/arcus-oc.org\/wordpress\/wp-content\/uploads\/2016\/01\/DSC_2026-150x99.jpg 150w, https:\/\/arcus-oc.org\/wordpress\/wp-content\/uploads\/2016\/01\/DSC_2026-300x198.jpg 300w, https:\/\/arcus-oc.org\/wordpress\/wp-content\/uploads\/2016\/01\/DSC_2026-250x165.jpg 250w, https:\/\/arcus-oc.org\/wordpress\/wp-content\/uploads\/2016\/01\/DSC_2026.jpg 926w\" sizes=\"(max-width: 150px) 100vw, 150px\" \/><\/a>\u00a0<a href=\"http:\/\/arcus-oc.org\/?attachment_id=1975\" rel=\"attachment wp-att-1975\"><img decoding=\"async\" loading=\"lazy\" class=\"alignnone size-thumbnail wp-image-1975\" alt=\"dsc_1985\" src=\"http:\/\/arcus-oc.org\/wordpress\/wp-content\/uploads\/2016\/01\/DSC_1985-150x99.jpg\" width=\"150\" height=\"99\" srcset=\"https:\/\/arcus-oc.org\/wordpress\/wp-content\/uploads\/2016\/01\/DSC_1985-150x99.jpg 150w, https:\/\/arcus-oc.org\/wordpress\/wp-content\/uploads\/2016\/01\/DSC_1985-300x199.jpg 300w, https:\/\/arcus-oc.org\/wordpress\/wp-content\/uploads\/2016\/01\/DSC_1985-250x166.jpg 250w, https:\/\/arcus-oc.org\/wordpress\/wp-content\/uploads\/2016\/01\/DSC_1985.jpg 920w\" sizes=\"(max-width: 150px) 100vw, 150px\" \/><\/a><\/span><\/em><\/span><\/p>\n<p>Dne 23.7.2016 prob\u011bhla \u00fasp\u011b\u0161n\u011b tradi\u010dn\u00ed benefi\u010dn\u00ed akce \u00a0Rockov\u00e9 l\u00e9to v \u010cervence u Litovle, kde vystoupil ORTEL, DOGA, SKRAMASAX, PORTA INFERI, RIMORTIS a NOTION DEEP.<\/p>\n<p><span style=\"color: #000080;\"><strong><em><a href=\"http:\/\/arcus-oc.rajce.idnes.cz\/Rockove_leto_Cervenka_23.7.2016\/\"><span style=\"color: #000080;\">foto z benefi\u010dn\u00ed akce Rockov\u00e9 l\u00e9to \u010cervenka 23.7.2016<\/span><\/a><\/em><\/strong><\/span><\/p>\n<p><span style=\"color: #000080;\"><strong><em><a href=\"http:\/\/arcus-oc.rajce.idnes.cz\/rockove_leto_2016_1\/\"><span style=\"color: #000080;\">Foto z akce pokr. 1<\/span><\/a><\/em><\/strong><\/span><\/p>\n<p><span style=\"color: #000080;\"><strong><em><a href=\"http:\/\/arcus-oc.rajce.idnes.cz\/rockove_leto_2016_2\/\"><span style=\"color: #000080;\">foto z akce pokr. 2<\/span><\/a>\u00a0<\/em><\/strong><\/span><\/p>\n<p><span style=\"color: #0000ff;\"><strong><em><a href=\"http:\/\/arcus-oc.rajce.idnes.cz\/rockove_leto_2016_3\/#\"><span style=\"color: #0000ff;\">foto z akce pokr. 3<\/span><\/a><\/em><\/strong><\/span><strong><em><a href=\"http:\/\/arcus-oc.rajce.idnes.cz\/rockove_leto_2016_3\/#\">\u00a0<\/a><\/em><\/strong><\/p>\n<p>Sledujete tak\u00e9 na<strong><em><span style=\"color: #008000;\">\u00a0https:\/\/www.facebook.com\/profile.php?id=100011055610793<\/span><\/em><\/strong><\/p>\n<p><a href=\"http:\/\/arcus-oc.org\/wordpress\/wp-content\/uploads\/2016\/02\/Plak\u00e1t-R.L.2016.jpg\"><img decoding=\"async\" loading=\"lazy\" class=\"alignnone size-thumbnail wp-image-1810\" alt=\"Plak\u00e1t R.L.2016\" src=\"http:\/\/arcus-oc.org\/wordpress\/wp-content\/uploads\/2016\/02\/Plak\u00e1t-R.L.2016-150x150.jpg\" width=\"150\" height=\"150\" srcset=\"https:\/\/arcus-oc.org\/wordpress\/wp-content\/uploads\/2016\/02\/Plak\u00e1t-R.L.2016-150x150.jpg 150w, https:\/\/arcus-oc.org\/wordpress\/wp-content\/uploads\/2016\/02\/Plak\u00e1t-R.L.2016-48x48.jpg 48w\" sizes=\"(max-width: 150px) 100vw, 150px\" \/><\/a>\u00a0<a href=\"http:\/\/arcus-oc.rajce.idnes.cz\/rockove_leto_2016_3\/#\"><br \/>\n<\/a><\/p>\n<p>Novinky o akci budeme pr\u016fb\u011b\u017en\u011b aktualizovat zde na webov\u00fdch str\u00e1nk\u00e1ch a na soci\u00e1ln\u00ed s\u00edti facebook:\u00a0https:\/\/www.facebook.com\/events\/1033491813370096\/<\/p>\n<p><span style=\"color: #0000ff;\"><strong><em>http:\/\/www.hudebniknihovna.cz\/rockove-leto-cervenka-aneb-festival-pro-dobrou-vec.html<\/em><\/strong><\/span><\/p>\n<p><a href=\"http:\/\/arcus-oc.org\/wordpress\/wp-content\/uploads\/2016\/02\/12628389_945544418834682_221620854647892316_o-1.jpg\"><img decoding=\"async\" loading=\"lazy\" class=\"alignnone size-medium wp-image-1684\" alt=\"12628389_945544418834682_221620854647892316_o (1)\" src=\"http:\/\/arcus-oc.org\/wordpress\/wp-content\/uploads\/2016\/02\/12628389_945544418834682_221620854647892316_o-1-300x122.jpg\" width=\"300\" height=\"122\" srcset=\"https:\/\/arcus-oc.org\/wordpress\/wp-content\/uploads\/2016\/02\/12628389_945544418834682_221620854647892316_o-1-300x122.jpg 300w, https:\/\/arcus-oc.org\/wordpress\/wp-content\/uploads\/2016\/02\/12628389_945544418834682_221620854647892316_o-1-1024x419.jpg 1024w, https:\/\/arcus-oc.org\/wordpress\/wp-content\/uploads\/2016\/02\/12628389_945544418834682_221620854647892316_o-1-250x102.jpg 250w, https:\/\/arcus-oc.org\/wordpress\/wp-content\/uploads\/2016\/02\/12628389_945544418834682_221620854647892316_o-1.jpg 2048w\" sizes=\"(max-width: 300px) 100vw, 300px\" \/><\/a>\u00a0 \u00a0<a href=\"http:\/\/arcus-oc.org\/wordpress\/wp-content\/uploads\/2015\/01\/OSA_Partner_sluchatka-_LOGO.jpg\"><img decoding=\"async\" loading=\"lazy\" class=\"alignnone size-thumbnail wp-image-1411\" alt=\"OSA_Partner_sluchatka _LOGO.ai\" src=\"http:\/\/arcus-oc.org\/wordpress\/wp-content\/uploads\/2015\/01\/OSA_Partner_sluchatka-_LOGO-150x150.jpg\" width=\"150\" height=\"150\" srcset=\"https:\/\/arcus-oc.org\/wordpress\/wp-content\/uploads\/2015\/01\/OSA_Partner_sluchatka-_LOGO-150x150.jpg 150w, https:\/\/arcus-oc.org\/wordpress\/wp-content\/uploads\/2015\/01\/OSA_Partner_sluchatka-_LOGO-48x48.jpg 48w\" sizes=\"(max-width: 150px) 100vw, 150px\" \/><\/a><\/p>\n<p>&nbsp;<\/p>\n","protected":false},"excerpt":{"rendered":"<p>Dne 25.11.2016 se konala ji\u017e tradi\u010dn\u00ed Mikul\u00e1\u0161sk\u00e1 v Mohelnici s Tom\u00e1\u0161em Klusem a dal\u0161\u00edmi kapelami uk\u00e1zka z benefi\u010dn\u00ed akce 25.11.2016: \u00a0\u00a0https:\/\/www.youtube.com\/watch?v=cVWz_9a9GHs \u00a0\u00a0\u00a0\u00a0 Dne 23.7.2016 prob\u011bhla \u00fasp\u011b\u0161n\u011b tradi\u010dn\u00ed benefi\u010dn\u00ed akce \u00a0Rockov\u00e9 l\u00e9to v \u010cervence u Litovle, kde vystoupil ORTEL, DOGA, SKRAMASAX, PORTA INFERI, RIMORTIS a NOTION DEEP. foto z benefi\u010dn\u00ed akce Rockov\u00e9 l\u00e9to \u010cervenka 23.7.2016 Foto [&hellip;]<\/p>\n","protected":false},"author":1,"featured_media":0,"parent":0,"menu_order":0,"comment_status":"closed","ping_status":"open","template":"","meta":[],"_links":{"self":[{"href":"https:\/\/arcus-oc.org\/index.php?rest_route=\/wp\/v2\/pages\/1680"}],"collection":[{"href":"https:\/\/arcus-oc.org\/index.php?rest_route=\/wp\/v2\/pages"}],"about":[{"href":"https:\/\/arcus-oc.org\/index.php?rest_route=\/wp\/v2\/types\/page"}],"author":[{"embeddable":true,"href":"https:\/\/arcus-oc.org\/index.php?rest_route=\/wp\/v2\/users\/1"}],"replies":[{"embeddable":true,"href":"https:\/\/arcus-oc.org\/index.php?rest_route=%2Fwp%2Fv2%2Fcomments&post=1680"}],"version-history":[{"count":24,"href":"https:\/\/arcus-oc.org\/index.php?rest_route=\/wp\/v2\/pages\/1680\/revisions"}],"predecessor-version":[{"id":1998,"href":"https:\/\/arcus-oc.org\/index.php?rest_route=\/wp\/v2\/pages\/1680\/revisions\/1998"}],"wp:attachment":[{"href":"https:\/\/arcus-oc.org\/index.php?rest_route=%2Fwp%2Fv2%2Fmedia&parent=1680"}],"curies":[{"name":"wp","href":"https:\/\/api.w.org\/{rel}","templated":true}]}}