{"id":133,"date":"2013-05-04T17:56:56","date_gmt":"2013-05-04T17:56:56","guid":{"rendered":"http:\/\/localhost\/wordpress\/?page_id=133"},"modified":"2020-07-07T15:00:42","modified_gmt":"2020-07-07T15:00:42","slug":"tisk-2","status":"publish","type":"page","link":"https:\/\/arcus-oc.org\/?page_id=133","title":{"rendered":"Tisk"},"content":{"rendered":"<p><strong><span style=\"color: #0000ff;\">Rockov\u00e9 l\u00e9to v \u010cervence u Litovle<\/span><\/strong><\/p>\n<p><a href=\"http:\/\/arcus-oc.org\/wordpress\/wp-content\/uploads\/2013\/05\/clanek-Rockove_leto2.jpg\"><img decoding=\"async\" loading=\"lazy\" class=\"alignleft size-thumbnail wp-image-2924\" alt=\"clanek Rockove_leto2020\" src=\"http:\/\/arcus-oc.org\/wordpress\/wp-content\/uploads\/2013\/05\/clanek-Rockove_leto2-106x150.jpg\" width=\"106\" height=\"150\" srcset=\"https:\/\/arcus-oc.org\/wordpress\/wp-content\/uploads\/2013\/05\/clanek-Rockove_leto2-106x150.jpg 106w, https:\/\/arcus-oc.org\/wordpress\/wp-content\/uploads\/2013\/05\/clanek-Rockove_leto2-212x300.jpg 212w, https:\/\/arcus-oc.org\/wordpress\/wp-content\/uploads\/2013\/05\/clanek-Rockove_leto2-724x1024.jpg 724w, https:\/\/arcus-oc.org\/wordpress\/wp-content\/uploads\/2013\/05\/clanek-Rockove_leto2-176x250.jpg 176w, https:\/\/arcus-oc.org\/wordpress\/wp-content\/uploads\/2013\/05\/clanek-Rockove_leto2.jpg 1654w\" sizes=\"(max-width: 106px) 100vw, 106px\" \/><\/a><\/p>\n<p>&nbsp;<\/p>\n<p>&nbsp;<\/p>\n<p>&nbsp;<\/p>\n<p>&nbsp;<\/p>\n<p>&nbsp;<\/p>\n<p>&nbsp;<\/p>\n<p><a href=\"https:\/\/olomoucky.denik.cz\/zpravy_region\/leto-na-hane-bez-velkych-festivalu-potesi-koncerty-i-netradicni-projekty-20200624.html?fbclid=IwAR0xfjz5Zy4NPW2YAG4FkQIjF7FBDtsftIQMu0wUsQ1cqKken9MJBEkB4FE\">https:\/\/olomoucky.denik.cz\/zpravy_region\/leto-na-hane-bez-velkych-festivalu-potesi-koncerty-i-netradicni-projekty-20200624.html?fbclid=IwAR0xfjz5Zy4NPW2YAG4FkQIjF7FBDtsftIQMu0wUsQ1cqKken9MJBEkB4FE<\/a><\/p>\n<p>Jana Ko\u017eelsk\u00e1 se vyj\u00e1d\u0159ila k hladovce pana Pomeje:<\/p>\n<div data-message-id=\"241571\">\n<div lang=\"cs\">\n<div dir=\"auto\"><strong><em><a href=\"https:\/\/www.expres.cz\/jiri-pomeje-rakovina-0rz-\/celebrity.aspx?c=A171229_145109_dx-celebrity_terka\" target=\"_blank\" rel=\"noopener\">https:\/\/www.expres.cz\/jiri-pomeje-rakovina-0rz-\/celebrity.aspx?c=A171229_145109_dx-celebrity_terka<\/a><\/em><\/strong><\/div>\n<\/div>\n<\/div>\n<div>\n<h3><\/h3>\n<\/div>\n<p>Sv\u011btov\u00fd den zdrav\u00ed 6.4.2017:\u00a0<a href=\"http:\/\/www.furtovnik.cz\/vepada-to-tak-ze-asi-ledi-chco-bet-zdravi-o-mezenarodni-den-zdravi-bel-zajem\/\">\u010dl\u00e1nek<\/a><\/p>\n<p>Na\u0161e \u00fasil\u00ed nebylo zbyte\u010dn\u00e9:<\/p>\n<p><a href=\"http:\/\/olomoucky.denik.cz\/zpravy_region\/u-bouzova-se-tezit-nebude-kraj-lom-na-vapenec-odmitl-20160607.html\" target=\"_blank\">http:\/\/olomoucky.denik.cz\/zpravy_region\/u-bouzova-se-tezit-nebude-kraj-lom-na-vapenec-odmitl-20160607.html<\/a><\/p>\n<p>Pomozte n\u00e1m zabr\u00e1nit\u00a0zah\u00e1jen\u00ed t\u011b\u017eby v\u00e1pence na Bouzovsku. Podepsat se m\u016f\u017eete na: <strong><em><a href=\"http:\/\/www.petice24.com\/petice_proti_vapencovemu_lomu_na_bouzovsku\" target=\"_blank\">http:\/\/www.petice24.com\/petice_proti_vapencovemu_lomu_na_bouzovsku<\/a><\/em> <\/strong>.<\/p>\n<div>\u010cl\u00e1nek o protestu tak\u00e9\u00a0 na <a href=\"http:\/\/l.facebook.com\/l.php?u=http%3A%2F%2Fekolist.cz%2Fcz%2Fzpravodajstvi%2Fzpravy%2Fs-tezbou-vapence-u-bouzova-na-olomoucku-nesouhlasi-stovky-lidi&amp;h=BAQFx5t2-\" target=\"_blank\">http:\/\/ekolist.cz\/cz\/zpravodajstvi\/zpravy\/s-tezbou-vapence-u-bouzova-na-olomoucku-nesouhlasi-stovky-lidi<\/a><\/div>\n<p><a href=\"http:\/\/olomoucky.denik.cz\/zpravy_region\/otevreni-lomu-na-bouzovsku-se-odsouva20081122.html\">http:\/\/olomoucky.denik.cz\/zpravy_region\/otevreni-lomu-na-bouzovsku-se-odsouva20081122.html<\/a><\/p>\n<p><a href=\"http:\/\/olomoucky.denik.cz\/zpravy_region\/bouzov-lom20071204.html\">http:\/\/olomoucky.denik.cz\/zpravy_region\/bouzov-lom20071204.html<\/a> a dal\u0161\u00ed na<\/p>\n<p><a href=\"https:\/\/www.google.cz\/?gws_rd=ssl#q=protest+proti+t%C4%9B%C5%BEb%C4%9B+v%C3%A1pence+na+Bouzovsku\">https:\/\/www.google.cz\/?gws_rd=ssl#q=protest+proti+t%C4%9B%C5%BEb%C4%9B+v%C3%A1pence+na+Bouzovsku<\/a><\/p>\n<p><a href=\"http:\/\/search.seznam.cz\/?q=t%C4%9B%C5%BEba+v%C3%A1pence+na+Bouzovsku&amp;count=10&amp;from=0&amp;pId=o1FR9g9QWqgznKuE16Z_&amp;trp=1\">http:\/\/search.seznam.cz\/?q=t%C4%9B%C5%BEba+v%C3%A1pence+na+Bouzovsku&amp;count=10&amp;from=0&amp;pId=o1FR9g9QWqgznKuE16Z_&amp;trp=1<\/a><\/p>\n<p><em><strong><span style=\"color: #008000;\">\u00a0<a href=\"http:\/\/arcus-oc.org\/wordpress\/wp-content\/uploads\/2016\/01\/4.2.2016-Tiskov\u00e1-zpr\u00e1va-Sv\u011btov\u00fd-den-boje-proti-rakovin\u011b.pdf\"><span style=\"color: #008000;\">4.2.2016 Tiskov\u00e1 zpr\u00e1va Sv\u011btov\u00fd den boje proti rakovin\u011b<\/span><\/a><\/span><\/strong><\/em><\/p>\n<p><strong><em><span style=\"color: #008000;\"><a href=\"http:\/\/arcus-oc.org\/wordpress\/wp-content\/uploads\/2015\/01\/Onkokongres-Znojmo-2015-\u010dl\u00e1nek.pdf\"><span style=\"color: #008000;\">\u010cl\u00e1nek MOK Znojmo 2015<\/span><\/a><\/span><\/em><\/strong><\/p>\n<p><strong><span style=\"color: #993300;\">Pa\u0159\u00ed\u017esk\u00e1 charta proti rakovin\u011b<\/span><\/strong><\/p>\n<p><span style=\"color: #000000;\">Po\u010d\u00e1tkem roku 2000 se na Pa\u0159\u00ed\u017esk\u00e9 radnici se\u0161la v\u00edce ne\u017e stovka z\u00e1stupc\u016f vl\u00e1d, sdru\u017een\u00ed na obranu pr\u00e1v pacient\u016f a organizac\u00ed a podnik\u016f zapojen\u00fdch ve v\u00fdzkumu rakoviny p\u0159i p\u0159\u00edle\u017eitosti prvn\u00edho Sv\u011btov\u00e9ho summitu proti rakovin\u011b. Sv\u00e9 \u00fasil\u00ed vym\u00fdtit tuto z\u00e1ke\u0159nou nemoc z na\u0161\u00ed planety stvrdili podeps\u00e1n\u00edm Pa\u0159\u00ed\u017esk\u00e9 charty proti rakovin\u011b,kter\u00e1 zahajuje prvn\u00ed mezin\u00e1rodn\u00ed kampa\u0148 proti rakovin\u011b nov\u00e9ho tis\u00edcilet\u00ed. Jej\u00edm c\u00edlem je zlep\u0161it l\u00e9\u010dbu a v\u00fdzkum n\u00e1dorov\u00fdch onemocn\u011bn\u00ed v\u0161ude ve sv\u011bt\u011b umo\u017enit pacient\u016fm dobrou informovanost\u00ed bojovat s nemoc\u00ed. Tohoto v\u00fdznamn\u00e9ho aktu se z \u010cesk\u00e9 republiky z\u00fa\u010dastnila Jana Ko\u017eelsk\u00e1, p\u0159edsedkyn\u011b p\u0159edstavenstva ARCUS &#8211; ONKO CENTRUM.<\/span><\/p>\n<p><strong><em><span style=\"color: #008080;\"><a href=\"http:\/\/arcus-oc.org\/wordpress\/wp-content\/uploads\/2013\/05\/Scan_Denik-Sv\u011btov\u00fd-den-2014.pdf\"><span style=\"color: #008080;\">\u00damrtnost na rakovinu je v \u010cesku celkov\u011b nadpr\u016fm\u011brn\u00e1<\/span><\/a><\/span><\/em><\/strong><\/p>\n<p><strong><em><span style=\"color: #008080;\"><a href=\"http:\/\/arcus-oc.org\/wordpress\/wp-content\/uploads\/2014\/01\/Editace-rozhovoru-MUDr.V\u00e1clava-Luk\u00e1\u0161e.pdf\"><span style=\"color: #008080;\">Editace rozhovoru MUDr.V\u00e1clava Luk\u00e1\u0161e s Janou Ko\u017eelskou<\/span><\/a>\u00a0<\/span><\/em><\/strong><\/p>\n<p><em><strong><span style=\"color: #008080;\"><a href=\"http:\/\/lukasvaclav.blog.idnes.cz\/c\/395099\/Porazila-zubatou.html#t2\"><span style=\"color: #008080;\">Porazila zubatou<\/span><\/a><\/span><\/strong><\/em><\/p>\n<p><strong><span style=\"color: #008000;\"><em><a href=\"http:\/\/arcus-oc.org\/wordpress\/wp-content\/uploads\/2014\/01\/20140204_TZ_V-prevenci-a-dostupnosti-modern\u00ed-l\u00e9\u010dby-onkologick\u00fdch-pacient\u016f-m\u00e1me-v-\u010cesku-st\u00e1le-rezervy.pdf\"><span style=\"color: #008000;\">V prevenci a dostupnosti modern\u00ed l\u00e9\u010dby onkologick\u00fdch pacient\u016f m\u00e1me v \u010cesku st\u00e1le rezervy<\/span><\/a><\/em><\/span><\/strong><\/p>\n<p><strong><em><span style=\"color: #008000;\"><a href=\"http:\/\/arcus-oc.org\/wordpress\/wp-content\/uploads\/2014\/01\/Pa\u0159\u00ed\u017esk\u00e1-charta-proti-rakovin\u011b-nov\u00e9-2.pdf\"><span style=\"color: #008000;\">Pa\u0159\u00ed\u017esk\u00e1 charta proti rakovin\u011b<\/span><\/a><\/span><\/em><\/strong><\/p>\n<p><em><span style=\"color: #0000ff;\"><a href=\"http:\/\/worldcancerday.org\/dosomething\"><span style=\"color: #0000ff;\">http:\/\/worldcancerday.org\/dosomething<\/span><\/a><\/span><\/em><\/p>\n<p><strong><em><span style=\"color: #008000;\"><a href=\"http:\/\/arcus-oc.org\/wordpress\/wp-content\/uploads\/2014\/01\/Ceska-onkologicka-pece-ma-rezervy.pdf\"><span style=\"color: #008000;\">\u010cesk\u00e1 onkologick\u00e1 p\u00e9\u010de m\u00e1 rezervy<\/span><\/a><\/span><\/em><\/strong><\/p>\n<p><strong><em><span style=\"color: #008000;\"><a href=\"http:\/\/arcus-oc.org\/wordpress\/wp-content\/uploads\/2014\/01\/koment\u00e1\u0159e-k-l\u00e9\u010db\u011b-onkologick\u00fdch-onemocn\u011bn\u00ed.pdf\"><span style=\"color: #008000;\">Koment\u00e1\u0159e k l\u00e9\u010db\u011b onkologick\u00fdch onemocn\u011bn\u00ed<\/span><\/a><\/span><\/em><\/strong><\/p>\n<p>&nbsp;<\/p>\n<p><strong><span style=\"color: #008000;\">tiskov\u00e9 centrum<\/span><\/strong><\/p>\n<p><strong><em><span style=\"color: #0000ff;\"><a href=\"http:\/\/www.irockshock.net\/modules.php?name=News&amp;file=article&amp;sid=3846\"><span style=\"color: #0000ff;\">\u010dl\u00e1nek z benefi\u010dn\u00ed akce 30.11.2013<\/span><\/a><\/span><\/em><\/strong><\/p>\n<p><a href=\"http:\/\/arcus-oc.org\/wordpress\/wp-content\/uploads\/2013\/05\/poradna.jpg\"><img decoding=\"async\" loading=\"lazy\" class=\"alignnone size-medium wp-image-771\" alt=\"Poradna pro rodiny s rakovinou Prost\u011bjov\" src=\"http:\/\/arcus-oc.org\/wordpress\/wp-content\/uploads\/2013\/05\/poradna-254x300.jpg\" width=\"254\" height=\"300\" srcset=\"https:\/\/arcus-oc.org\/wordpress\/wp-content\/uploads\/2013\/05\/poradna-254x300.jpg 254w, https:\/\/arcus-oc.org\/wordpress\/wp-content\/uploads\/2013\/05\/poradna-211x250.jpg 211w, https:\/\/arcus-oc.org\/wordpress\/wp-content\/uploads\/2013\/05\/poradna.jpg 814w\" sizes=\"(max-width: 254px) 100vw, 254px\" \/><\/a><br \/>\nHl\u00edda\u010d koul\u00ed &#8211; nov\u00e1 aplikace pro chytr\u00e9 telefony O n\u00e1dorech varlat se moc nemluv\u00ed a p\u0159itom by mu\u017ei od 15 do 40 let m\u011bli b\u00fdt o tomto informov\u00e1ni. Bl\u00ed\u017ee <strong><span style=\"color: #008080;\"><a href=\"http:\/\/www.hlidackouli.cz\/\" target=\"_blank\"><span style=\"color: #008080;\">www.hlidackouli.cz<\/span><\/a><\/span><\/strong><br \/>\n<strong><span style=\"color: #008080;\"><a href=\"http:\/\/www.brichta.cz\/index.php?option=com_content&amp;view=article&amp;id=390:arcus--onko-centrum-&amp;catid=1:latest-news&amp;Itemid=156\"><span style=\"color: #008080;\">Ale\u0161 Brichta Project<\/span><\/a><\/span><\/strong><\/p>\n<p>\u010cl\u00e1nky v novin\u00e1ch:<\/p>\n<p><a href=\"http:\/\/arcus-oc.org\/wordpress\/wp-content\/uploads\/2013\/05\/Jana-cena-1999-\u010dasopis.jpg\"><img decoding=\"async\" loading=\"lazy\" class=\"alignnone size-medium wp-image-537\" alt=\"Jana cena 1999 \u010dasopis\" src=\"http:\/\/arcus-oc.org\/wordpress\/wp-content\/uploads\/2013\/05\/Jana-cena-1999-\u010dasopis-215x300.jpg\" width=\"176\" height=\"258\" \/><\/a><a href=\"http:\/\/arcus-oc.org\/wordpress\/wp-content\/uploads\/2013\/05\/\u010dasopis-cena-1999-1.str_.jpg\"><img decoding=\"async\" loading=\"lazy\" class=\"alignnone size-medium wp-image-539\" alt=\"\u010dasopis cena 1999 - 1.str\" src=\"http:\/\/arcus-oc.org\/wordpress\/wp-content\/uploads\/2013\/05\/\u010dasopis-cena-1999-1.str_-213x300.jpg\" width=\"175\" height=\"251\" \/><\/a>\u00a0<a href=\"http:\/\/arcus-oc.org\/wordpress\/wp-content\/uploads\/2013\/05\/\u010dasopis-1999-cena-2.\u010d\u00e1st.jpg\"><img decoding=\"async\" loading=\"lazy\" class=\"alignnone size-medium wp-image-541\" alt=\"\u010dasopis 1999-cena 2.\u010d\u00e1st\" src=\"http:\/\/arcus-oc.org\/wordpress\/wp-content\/uploads\/2013\/05\/\u010dasopis-1999-cena-2.\u010d\u00e1st-211x300.jpg\" width=\"177\" height=\"265\" \/><\/a><\/p>\n<p><a href=\"http:\/\/arcus-oc.org\/wordpress\/wp-content\/uploads\/2013\/05\/oceneni_wittnerova.jpg\"><img decoding=\"async\" loading=\"lazy\" class=\"alignnone size-medium wp-image-468\" alt=\"oceneni MUDr.M.Wittnerova\" src=\"http:\/\/arcus-oc.org\/wordpress\/wp-content\/uploads\/2013\/05\/oceneni_wittnerova-235x300.jpg\" width=\"193\" height=\"246\" srcset=\"https:\/\/arcus-oc.org\/wordpress\/wp-content\/uploads\/2013\/05\/oceneni_wittnerova-235x300.jpg 235w, https:\/\/arcus-oc.org\/wordpress\/wp-content\/uploads\/2013\/05\/oceneni_wittnerova-804x1024.jpg 804w, https:\/\/arcus-oc.org\/wordpress\/wp-content\/uploads\/2013\/05\/oceneni_wittnerova-196x250.jpg 196w\" sizes=\"(max-width: 193px) 100vw, 193px\" \/><\/a>\u00a0<a href=\"http:\/\/arcus-oc.org\/wordpress\/wp-content\/uploads\/2013\/05\/clanek_wittnerova.jpg\"><img decoding=\"async\" loading=\"lazy\" class=\"alignnone size-medium wp-image-469\" alt=\"clanek_wittnerova\" src=\"http:\/\/arcus-oc.org\/wordpress\/wp-content\/uploads\/2013\/05\/clanek_wittnerova-300x180.jpg\" width=\"354\" height=\"233\" \/><\/a><\/p>\n<p><a href=\"http:\/\/www.olomouckenoviny.eu\/komentare-k-clanku\/2965-beneficni-akce-v-polomi-u-pv\"><strong><span style=\"color: #008080;\">Olomouck\u00e9 noviny<\/span> <\/strong><\/a><\/p>\n<p><a href=\"http:\/\/www.olomouckenoviny.eu\/komentare-k-clanku\/2965-beneficni-akce-v-polomi-u-pv\"><strong><span style=\"color: #008080;\">Benefi\u010dn\u00ed akce v Polom\u00ed<\/span><\/strong><\/a>,<\/p>\n<p><strong><span style=\"color: #008080;\"><a href=\"http:\/\/www.prostejovskenoviny.eu\/komentare-k-clanku\/2966-beneficni-akce-v-polomi-u-pv\"><span style=\"color: #008080;\">Prost\u011bjovsk\u00e9 noviny<\/span><\/a><\/span><\/strong><strong><\/strong><\/p>\n<p><strong><span style=\"color: #008080;\"><a href=\"http:\/\/www.mestopv.cz\/cz\/obcan\/zpravy_z_prostejova_a_okoli\/2009\/hledame-cesty-jak-prezit.html\"><span style=\"color: #008080;\">M\u011bsto Prost\u011bjov<\/span><\/a><\/span><\/strong><\/p>\n<p><strong><span style=\"color: #008000;\"><a href=\"http:\/\/arcus-oc.org\/stare_www\/tiskove-centrum.php\"><span style=\"color: #008000;\">archiv<\/span><\/a><\/span><\/strong><\/p>\n<p>\u010dl\u00e1nky ostatn\u00ed : <strong><span style=\"color: #008080;\"><a href=\"http:\/\/www.nrzp.cz\/o-nas\/clenske-organizace\/128-arcus-onko-centrum.html\"><span style=\"color: #008080;\">NRZP \u010cR<\/span><\/a><\/span><\/strong>, Onkoforum<\/p>\n","protected":false},"excerpt":{"rendered":"<p>Rockov\u00e9 l\u00e9to v \u010cervence u Litovle &nbsp; &nbsp; &nbsp; &nbsp; &nbsp; &nbsp; https:\/\/olomoucky.denik.cz\/zpravy_region\/leto-na-hane-bez-velkych-festivalu-potesi-koncerty-i-netradicni-projekty-20200624.html?fbclid=IwAR0xfjz5Zy4NPW2YAG4FkQIjF7FBDtsftIQMu0wUsQ1cqKken9MJBEkB4FE Jana Ko\u017eelsk\u00e1 se vyj\u00e1d\u0159ila k hladovce pana Pomeje: https:\/\/www.expres.cz\/jiri-pomeje-rakovina-0rz-\/celebrity.aspx?c=A171229_145109_dx-celebrity_terka Sv\u011btov\u00fd den zdrav\u00ed 6.4.2017:\u00a0\u010dl\u00e1nek Na\u0161e \u00fasil\u00ed nebylo zbyte\u010dn\u00e9: http:\/\/olomoucky.denik.cz\/zpravy_region\/u-bouzova-se-tezit-nebude-kraj-lom-na-vapenec-odmitl-20160607.html Pomozte n\u00e1m zabr\u00e1nit\u00a0zah\u00e1jen\u00ed t\u011b\u017eby v\u00e1pence na Bouzovsku. Podepsat se m\u016f\u017eete na: http:\/\/www.petice24.com\/petice_proti_vapencovemu_lomu_na_bouzovsku . \u010cl\u00e1nek o protestu tak\u00e9\u00a0 na http:\/\/ekolist.cz\/cz\/zpravodajstvi\/zpravy\/s-tezbou-vapence-u-bouzova-na-olomoucku-nesouhlasi-stovky-lidi http:\/\/olomoucky.denik.cz\/zpravy_region\/otevreni-lomu-na-bouzovsku-se-odsouva20081122.html http:\/\/olomoucky.denik.cz\/zpravy_region\/bouzov-lom20071204.html a dal\u0161\u00ed na [&hellip;]<\/p>\n","protected":false},"author":1,"featured_media":0,"parent":0,"menu_order":0,"comment_status":"open","ping_status":"open","template":"","meta":[],"_links":{"self":[{"href":"https:\/\/arcus-oc.org\/index.php?rest_route=\/wp\/v2\/pages\/133"}],"collection":[{"href":"https:\/\/arcus-oc.org\/index.php?rest_route=\/wp\/v2\/pages"}],"about":[{"href":"https:\/\/arcus-oc.org\/index.php?rest_route=\/wp\/v2\/types\/page"}],"author":[{"embeddable":true,"href":"https:\/\/arcus-oc.org\/index.php?rest_route=\/wp\/v2\/users\/1"}],"replies":[{"embeddable":true,"href":"https:\/\/arcus-oc.org\/index.php?rest_route=%2Fwp%2Fv2%2Fcomments&post=133"}],"version-history":[{"count":26,"href":"https:\/\/arcus-oc.org\/index.php?rest_route=\/wp\/v2\/pages\/133\/revisions"}],"predecessor-version":[{"id":2925,"href":"https:\/\/arcus-oc.org\/index.php?rest_route=\/wp\/v2\/pages\/133\/revisions\/2925"}],"wp:attachment":[{"href":"https:\/\/arcus-oc.org\/index.php?rest_route=%2Fwp%2Fv2%2Fmedia&parent=133"}],"curies":[{"name":"wp","href":"https:\/\/api.w.org\/{rel}","templated":true}]}}