{"id":1295,"date":"2015-01-13T23:05:07","date_gmt":"2015-01-13T23:05:07","guid":{"rendered":"http:\/\/arcus-oc.org\/?page_id=1295"},"modified":"2015-12-22T13:53:40","modified_gmt":"2015-12-22T13:53:40","slug":"rekondicni-pobyty-2015","status":"publish","type":"page","link":"https:\/\/arcus-oc.org\/?page_id=1295","title":{"rendered":"Rekondi\u010dn\u011b vzd\u011bl\u00e1vac\u00ed pobyty 2015"},"content":{"rendered":"<p>Od <strong>21.6. do 28.6.2015<\/strong> se uskute\u010dnil rekondi\u010dn\u011b vzd\u011bl\u00e1vac\u00ed\u00a0pobyt pro onkologick\u00e9 pacienty po ukon\u010den\u00e9 l\u00e9\u010db\u011b. V tomto term\u00ednu v odborn\u00e9m\u00a0 programu jste se mohli nap\u0159. setkat se sv\u011btozn\u00e1m\u00fdm <a href=\"http:\/\/www.betaglukan.cz\/zivotopis\/\"><strong><em>prof<\/em><em><strong>.<\/strong>Dr.V\u00e1clavem V\u011btvi\u010dkou,Ph.D.<\/em><\/strong><\/a><em> <\/em>z USA, s Hanou Cathala z Francie, MUDr.Daliborem \u0160tamberou z Prahy, MUDr.Milenou Wittnerovou z Karlov\u00fdch Var\u016f, Lenkou Sehnalovou, MUDr. Svatavou Zatloukalovou a Mgr.Janou Kub\u00ed\u010dkovou. Praktickou uk\u00e1zku s n\u00e1cvikem tapeov\u00e1n\u00ed proti otok\u016fm a bolesti m\u011bli mo\u017enost si \u00fa\u010dastn\u00edci vyzkou\u0161et s Robertem Z\u00edtkem z Prahy. Informace o hotelu a m\u00edst\u011b rekondi\u010dn\u00edho pobytu:\u00a0 <a href=\"http:\/\/montanie.cz\/\">http:\/\/montanie.cz\/<\/a> . Foto z akce naleznate na<\/p>\n<p><span style=\"color: #800000;\"> <a href=\"http:\/\/arcus-oc.rajce.idnes.cz\/Jizerske_hory_21_-_28.6._2015_Montanie\/\"><span style=\"color: #800000;\">http:\/\/arcus-oc.rajce.idnes.cz\/Jizerske_hory_21_-_28.6._2015_Montanie\/<\/span><\/a><\/span><\/p>\n<p>V roce 2015 jsme p\u0159ipravili tyto pobyty, kter\u00e9 se ji\u017e zrealizovaly:<\/p>\n<p>Rekondi\u010dn\u00ed pobyt do Karlov\u00fdch Var\u016f od 10.3. do 20.3.2015 a rekondi\u010dn\u00ed pobyt od 21.6. do 28.6.2015 Montanie, Jizersk\u00e9 hory.<\/p>\n<p><span style=\"color: #008000;\"><strong><em><a href=\"http:\/\/arcus-oc.org\/wordpress\/wp-content\/uploads\/2015\/01\/prihlaska-Jizersk\u00e9-hory-Montanie-\u010derven-2015-z-MZ-\u010cR.doc\"><span style=\"color: #008000;\">P\u0159ihl\u00e1\u0161ka Jizersk\u00e9 hory Montanie 21.6. &#8211; 28.6. 2015 z MZ \u010cR<\/span><\/a><\/em><\/strong><\/span><\/p>\n<p>V tomto term\u00ednu v odborn\u00e9m\u00a0 programu se m\u016f\u017eete nap\u0159. setkat\u00a0se sv\u011btozn\u00e1m\u00fdm <span style=\"color: #993366;\"><a href=\"http:\/\/www.betaglukan.cz\/zivotopis\/\"><span style=\"color: #993366;\"><strong><em>prof<\/em><em><strong>.<\/strong>Dr.V\u00e1clavem V\u011btvi\u010dkou,Ph.D.<\/em><\/strong><\/span><\/a><\/span><em>\u00a0<\/em>z USA, s\u00a0Hanou Cathala z Francie, MUDr.Milenou Wittnerovou z Karlov\u00fdch Var\u016f, Lenkou Sehnalovou, dozv\u011bd\u011bt se o novink\u00e1ch v l\u00e9\u010db\u011b a plno dal\u0161\u00edch informac\u00ed se zaj\u00edmav\u00fdmi odborn\u00edky. Informace o hotelu a m\u00edst\u011b rekondi\u010dn\u00edho pobytu:\u00a0 <a href=\"http:\/\/montanie.cz\/\">http:\/\/montanie.cz\/<\/a>\u00a0Cena pro onkologick\u00e9 pacienty: <strong><span style=\"color: #0000ff;\">1600 K\u010d<\/span><\/strong> ( ubytov\u00e1n\u00ed, pln\u00e1 penze, program). Cena je dotovan\u00e1 z MZ \u010cR.<\/p>\n<p>Naskenovan\u00e9 p\u0159ihl\u00e1\u0161ky zas\u00edlejte na e-mail: <a href=\"mailto:jana.kozelska.arcus@email.cz\">jana.kozelska.arcus@email.cz<\/a> . Origin\u00e1l vezm\u011bte sebou na pobyt nebo jej po\u0161lete na adresu ARCUS &#8211; ONKO CENTRUM Je\u0161ov 24, 783 24 Luk\u00e1.<\/p>\n<table width=\"627\" border=\"1\" cellpadding=\"0\" align=\"left\">\n<tbody>\n<tr>\n<td width=\"133\">\n<p align=\"center\"><b>Term\u00edn pobytu<\/b><\/p>\n<p align=\"center\"><b>2015<\/b><\/p>\n<\/td>\n<td width=\"235\">\n<p align=\"center\"><b>M\u00edsto pobytu<\/b><\/p>\n<\/td>\n<td width=\"252\">Cena<b>\u00a0<\/b><\/td>\n<\/tr>\n<tr>\n<td width=\"133\">\n<p align=\"center\"><b>\u00a0<\/b><\/p>\n<p align=\"center\"><b>10.3. \u00a0 \u2013 20.3.<\/b><\/p>\n<p><b>\u00a0<\/b><\/td>\n<td width=\"235\">\u00a0\u010cR \u2013 Karlovy Vary<\/td>\n<td width=\"252\">\n<p align=\"center\"><b>7.100,- \u00a0 K\u010d<\/b><\/p>\n<p>ubytov\u00e1n\u00ed, \u00a0 pln\u00e1 penze, odborn\u00fd program,<\/p>\n<p>mo\u017enost\u00a0 procedur dle doporu\u010den\u00ed l\u00e9ka\u0159e \u00a0 v\u00a0Al\u017eb\u011btin\u00fdch l\u00e1zn\u00edch<\/td>\n<\/tr>\n<tr>\n<td width=\"133\">\n<p align=\"center\"><b>21.6. \u00a0 \u2013 28.6.<\/b><\/p>\n<\/td>\n<td width=\"235\">\u00a0Jizersk\u00e9 hory- Montanie &#8211; Desn\u00e1 .Sou\u0161<\/td>\n<td width=\"252\">\n<p align=\"center\"><b><span style=\"color: #008000;\">1.600,-K\u010d<\/span> pro onkologick\u00e9 pacienty<\/b><\/p>\n<p>ubytov\u00e1n\u00ed, \u00a0 pln\u00e1 penze, program<\/p>\n<p align=\"right\">\n<\/td>\n<\/tr>\n<tr>\n<td width=\"133\"><\/td>\n<td width=\"235\"><\/td>\n<td width=\"252\"><\/td>\n<\/tr>\n<\/tbody>\n<\/table>\n","protected":false},"excerpt":{"rendered":"<p>Od 21.6. do 28.6.2015 se uskute\u010dnil rekondi\u010dn\u011b vzd\u011bl\u00e1vac\u00ed\u00a0pobyt pro onkologick\u00e9 pacienty po ukon\u010den\u00e9 l\u00e9\u010db\u011b. V tomto term\u00ednu v odborn\u00e9m\u00a0 programu jste se mohli nap\u0159. setkat se sv\u011btozn\u00e1m\u00fdm prof.Dr.V\u00e1clavem V\u011btvi\u010dkou,Ph.D. z USA, s Hanou Cathala z Francie, MUDr.Daliborem \u0160tamberou z Prahy, MUDr.Milenou Wittnerovou z Karlov\u00fdch Var\u016f, Lenkou Sehnalovou, MUDr. Svatavou Zatloukalovou a Mgr.Janou Kub\u00ed\u010dkovou. Praktickou uk\u00e1zku [&hellip;]<\/p>\n","protected":false},"author":1,"featured_media":0,"parent":0,"menu_order":0,"comment_status":"closed","ping_status":"open","template":"","meta":[],"_links":{"self":[{"href":"https:\/\/arcus-oc.org\/index.php?rest_route=\/wp\/v2\/pages\/1295"}],"collection":[{"href":"https:\/\/arcus-oc.org\/index.php?rest_route=\/wp\/v2\/pages"}],"about":[{"href":"https:\/\/arcus-oc.org\/index.php?rest_route=\/wp\/v2\/types\/page"}],"author":[{"embeddable":true,"href":"https:\/\/arcus-oc.org\/index.php?rest_route=\/wp\/v2\/users\/1"}],"replies":[{"embeddable":true,"href":"https:\/\/arcus-oc.org\/index.php?rest_route=%2Fwp%2Fv2%2Fcomments&post=1295"}],"version-history":[{"count":12,"href":"https:\/\/arcus-oc.org\/index.php?rest_route=\/wp\/v2\/pages\/1295\/revisions"}],"predecessor-version":[{"id":1451,"href":"https:\/\/arcus-oc.org\/index.php?rest_route=\/wp\/v2\/pages\/1295\/revisions\/1451"}],"wp:attachment":[{"href":"https:\/\/arcus-oc.org\/index.php?rest_route=%2Fwp%2Fv2%2Fmedia&parent=1295"}],"curies":[{"name":"wp","href":"https:\/\/api.w.org\/{rel}","templated":true}]}}