{"id":112,"date":"2013-05-04T17:45:27","date_gmt":"2013-05-04T17:45:27","guid":{"rendered":"http:\/\/localhost\/wordpress\/?page_id=112"},"modified":"2013-05-08T21:18:54","modified_gmt":"2013-05-08T21:18:54","slug":"beneficni-akce-do-roku-2011","status":"publish","type":"page","link":"https:\/\/arcus-oc.org\/?page_id=112","title":{"rendered":"Benefi\u010dn\u00ed akce do roku 2011"},"content":{"rendered":"<p>Benefi\u010dn\u00ed akce \u010cervenka 16.7.2011<\/p>\n<p>video uk\u00e1zka Harlej<\/p>\n<p><span style=\"color: #0000ff;\"><span style=\"text-decoration: underline;\"><a href=\"http:\/\/www.youtube.com\/watch?v=uPytm_t--ak&amp;feature=player_detailpage\">http:\/\/www.youtube.com\/watch?v=uPytm_t&#8211;ak&amp;feature=player_detailpage<\/a><\/span><\/span><\/p>\n<p>Benefi\u010dn\u00ed akce \u010cervenka 27.8..2011<br \/>\nvideo uk\u00e1zka Kraken<\/p>\n<p><span style=\"color: #0000ff;\"><span style=\"text-decoration: underline;\"><a href=\"http:\/\/www.youtube.com\/watch?v=c79wCrdrSXc&amp;feature=player_embedded\">http:\/\/www.youtube.com\/watch?v=c79wCrdrSXc&amp;feature=player_embedded<\/a><\/span><\/span><br \/>\nvideo uk\u00e1zka\u00a0 Doga<\/p>\n<p><span style=\"color: #0000ff;\"><span style=\"text-decoration: underline;\"><a href=\"http:\/\/www.youtube.com\/watch?v=8YOswXrBJmM&amp;feature=player_embedded\">http:\/\/www.youtube.com\/watch?v=8YOswXrBJmM&amp;feature=player_embedded<\/a><\/span><\/span><\/p>\n<p><strong><span style=\"color: #008080;\">\u00a0<a href=\"http:\/\/www.oksound.cz\/videa\/beneficni-akce-arcus-onko-centrum-litovel\/\"><span style=\"color: #008080;\">benefi\u010dn\u00ed akce Litovel<\/span><\/a><\/span><\/strong>\u00a0a <span style=\"color: #0000ff;\"><a href=\"http:\/\/litovel.eu\/redakce\/index.php?clanek=51468&amp;lanG=cs&amp;slozka=47787&amp;xsekce=47811&amp;xuser=&amp;videofile=43336&amp;viddir=30838\"><span style=\"color: #0000ff;\">Heidi Jank\u016f<\/span><\/a><\/span><\/p>\n","protected":false},"excerpt":{"rendered":"<p>Benefi\u010dn\u00ed akce \u010cervenka 16.7.2011 video uk\u00e1zka Harlej http:\/\/www.youtube.com\/watch?v=uPytm_t&#8211;ak&amp;feature=player_detailpage Benefi\u010dn\u00ed akce \u010cervenka 27.8..2011 video uk\u00e1zka Kraken http:\/\/www.youtube.com\/watch?v=c79wCrdrSXc&amp;feature=player_embedded video uk\u00e1zka\u00a0 Doga http:\/\/www.youtube.com\/watch?v=8YOswXrBJmM&amp;feature=player_embedded \u00a0benefi\u010dn\u00ed akce Litovel\u00a0a Heidi Jank\u016f<\/p>\n","protected":false},"author":1,"featured_media":0,"parent":0,"menu_order":0,"comment_status":"open","ping_status":"open","template":"","meta":[],"_links":{"self":[{"href":"https:\/\/arcus-oc.org\/index.php?rest_route=\/wp\/v2\/pages\/112"}],"collection":[{"href":"https:\/\/arcus-oc.org\/index.php?rest_route=\/wp\/v2\/pages"}],"about":[{"href":"https:\/\/arcus-oc.org\/index.php?rest_route=\/wp\/v2\/types\/page"}],"author":[{"embeddable":true,"href":"https:\/\/arcus-oc.org\/index.php?rest_route=\/wp\/v2\/users\/1"}],"replies":[{"embeddable":true,"href":"https:\/\/arcus-oc.org\/index.php?rest_route=%2Fwp%2Fv2%2Fcomments&post=112"}],"version-history":[{"count":7,"href":"https:\/\/arcus-oc.org\/index.php?rest_route=\/wp\/v2\/pages\/112\/revisions"}],"predecessor-version":[{"id":447,"href":"https:\/\/arcus-oc.org\/index.php?rest_route=\/wp\/v2\/pages\/112\/revisions\/447"}],"wp:attachment":[{"href":"https:\/\/arcus-oc.org\/index.php?rest_route=%2Fwp%2Fv2%2Fmedia&parent=112"}],"curies":[{"name":"wp","href":"https:\/\/api.w.org\/{rel}","templated":true}]}}